{"id":13830,"date":"2023-09-15T22:47:00","date_gmt":"2023-09-15T20:47:00","guid":{"rendered":"https:\/\/www.wsti.pl\/?post_type=wydarzenia_cpt&#038;p=13830"},"modified":"2023-11-26T22:56:05","modified_gmt":"2023-11-26T21:56:05","slug":"inauguracja-roku-akademickiego-2023-2024","status":"publish","type":"wydarzenia_cpt","link":"https:\/\/www.wsti.pl\/en\/inauguracja-roku-akademickiego-2023-2024\/","title":{"rendered":"Uroczysta Inauguracja Roku Akademickiego 2023\/2024"},"content":{"rendered":"\n<section class=\"textWithIcons textWithIcons--0 \">\n    <div class=\"tbc\">   \n        <div class=\"container\">\n            <div class=\"row\">\n                                    <div class=\"col-12\">\n                        <div class=\"text text--2 color--neutral-black tbc__desc\"><p>Rektor i Senat Wy\u017cszej Szko\u0142y Technologii Informatycznych w Katowicach maj\u0105 zaszczyt zaprosi\u0107 wszystkich student\u00f3w oraz grono nauczycielskie na uroczyst\u0105 Inauguracj\u0119 Roku Akademickiego 2023\/2024, kt\u00f3ra odb\u0119dzie si\u0119 29 wrze\u015bnia o godzinie 16.30 w siedzibie uczelni przy ul. Mickiewicza 29 (wysoki parter, sala audiowizualna). Wyk\u0142ad inauguracyjny pt. \u201eSztuczna inteligencja. Wiele pyta\u0144, ma\u0142o odpowiedzi\u201d wyg\u0142osi dr Piotr Dzik.<\/p>\n<\/div>                    <\/div>\n                                                                                                                                                                                                \n            <\/div>\n        <\/div>\n    <\/div>\n\n<\/section>","protected":false},"author":9,"parent":0,"menu_order":0,"template":"","meta":{"_acf_changed":false},"wydarzenia_cpt_tags":[49],"class_list":["post-13830","wydarzenia_cpt","type-wydarzenia_cpt","status-publish","hentry","wydarzenia_cpt_tags-uczelnia"],"acf":{"alert_on":false,"alert_filter_tag_select":false,"alert_filter_by_tag":[],"modalComunicatHeader_blog":"","modalComunicatHeader_link":null,"date_event_post":"20230929","awarded_post":false},"yoast_head":"<!-- This site is optimized with the Yoast SEO plugin v27.2 - https:\/\/yoast.com\/product\/yoast-seo-wordpress\/ -->\n<title>Uroczysta Inauguracja Roku Akademickiego 2023\/2024 - WSTI<\/title>\n<meta name=\"robots\" content=\"index, follow, max-snippet:-1, max-image-preview:large, max-video-preview:-1\" \/>\n<link rel=\"canonical\" href=\"https:\/\/www.wsti.pl\/inauguracja-roku-akademickiego-2023-2024\/\" \/>\n<meta property=\"og:locale\" content=\"en_US\" \/>\n<meta property=\"og:type\" content=\"article\" \/>\n<meta property=\"og:title\" content=\"Uroczysta Inauguracja Roku Akademickiego 2023\/2024 - WSTI\" \/>\n<meta property=\"og:url\" content=\"https:\/\/www.wsti.pl\/inauguracja-roku-akademickiego-2023-2024\/\" \/>\n<meta property=\"og:site_name\" content=\"WSTI\" \/>\n<meta property=\"article:modified_time\" content=\"2023-11-26T21:56:05+00:00\" \/>\n<meta name=\"twitter:card\" content=\"summary_large_image\" \/>\n<script type=\"application\/ld+json\" class=\"yoast-schema-graph\">{\"@context\":\"https:\/\/schema.org\",\"@graph\":[{\"@type\":\"WebPage\",\"@id\":\"https:\/\/www.wsti.pl\/inauguracja-roku-akademickiego-2023-2024\/\",\"url\":\"https:\/\/www.wsti.pl\/inauguracja-roku-akademickiego-2023-2024\/\",\"name\":\"Uroczysta Inauguracja Roku Akademickiego 2023\/2024 - WSTI\",\"isPartOf\":{\"@id\":\"https:\/\/www.wsti.pl\/#website\"},\"datePublished\":\"2023-09-15T20:47:00+00:00\",\"dateModified\":\"2023-11-26T21:56:05+00:00\",\"breadcrumb\":{\"@id\":\"https:\/\/www.wsti.pl\/inauguracja-roku-akademickiego-2023-2024\/#breadcrumb\"},\"inLanguage\":\"en-US\",\"potentialAction\":[{\"@type\":\"ReadAction\",\"target\":[\"https:\/\/www.wsti.pl\/inauguracja-roku-akademickiego-2023-2024\/\"]}]},{\"@type\":\"BreadcrumbList\",\"@id\":\"https:\/\/www.wsti.pl\/inauguracja-roku-akademickiego-2023-2024\/#breadcrumb\",\"itemListElement\":[{\"@type\":\"ListItem\",\"position\":1,\"name\":\"Strona g\u0142\u00f3wna\",\"item\":\"https:\/\/www.wsti.pl\/en\/\"},{\"@type\":\"ListItem\",\"position\":2,\"name\":\"Uroczysta Inauguracja Roku Akademickiego 2023\/2024\"}]},{\"@type\":\"WebSite\",\"@id\":\"https:\/\/www.wsti.pl\/#website\",\"url\":\"https:\/\/www.wsti.pl\/\",\"name\":\"WSTI\",\"description\":\"Wy\u017csza Szko\u0142a Technologii Informatycznych w Katowicach\",\"potentialAction\":[{\"@type\":\"SearchAction\",\"target\":{\"@type\":\"EntryPoint\",\"urlTemplate\":\"https:\/\/www.wsti.pl\/?s={search_term_string}\"},\"query-input\":{\"@type\":\"PropertyValueSpecification\",\"valueRequired\":true,\"valueName\":\"search_term_string\"}}],\"inLanguage\":\"en-US\"}]}<\/script>\n<!-- \/ Yoast SEO plugin. -->","yoast_head_json":{"title":"Uroczysta Inauguracja Roku Akademickiego 2023\/2024 - WSTI","robots":{"index":"index","follow":"follow","max-snippet":"max-snippet:-1","max-image-preview":"max-image-preview:large","max-video-preview":"max-video-preview:-1"},"canonical":"https:\/\/www.wsti.pl\/inauguracja-roku-akademickiego-2023-2024\/","og_locale":"en_US","og_type":"article","og_title":"Uroczysta Inauguracja Roku Akademickiego 2023\/2024 - WSTI","og_url":"https:\/\/www.wsti.pl\/inauguracja-roku-akademickiego-2023-2024\/","og_site_name":"WSTI","article_modified_time":"2023-11-26T21:56:05+00:00","twitter_card":"summary_large_image","schema":{"@context":"https:\/\/schema.org","@graph":[{"@type":"WebPage","@id":"https:\/\/www.wsti.pl\/inauguracja-roku-akademickiego-2023-2024\/","url":"https:\/\/www.wsti.pl\/inauguracja-roku-akademickiego-2023-2024\/","name":"Uroczysta Inauguracja Roku Akademickiego 2023\/2024 - WSTI","isPartOf":{"@id":"https:\/\/www.wsti.pl\/#website"},"datePublished":"2023-09-15T20:47:00+00:00","dateModified":"2023-11-26T21:56:05+00:00","breadcrumb":{"@id":"https:\/\/www.wsti.pl\/inauguracja-roku-akademickiego-2023-2024\/#breadcrumb"},"inLanguage":"en-US","potentialAction":[{"@type":"ReadAction","target":["https:\/\/www.wsti.pl\/inauguracja-roku-akademickiego-2023-2024\/"]}]},{"@type":"BreadcrumbList","@id":"https:\/\/www.wsti.pl\/inauguracja-roku-akademickiego-2023-2024\/#breadcrumb","itemListElement":[{"@type":"ListItem","position":1,"name":"Strona g\u0142\u00f3wna","item":"https:\/\/www.wsti.pl\/en\/"},{"@type":"ListItem","position":2,"name":"Uroczysta Inauguracja Roku Akademickiego 2023\/2024"}]},{"@type":"WebSite","@id":"https:\/\/www.wsti.pl\/#website","url":"https:\/\/www.wsti.pl\/","name":"WSTI","description":"Wy\u017csza Szko\u0142a Technologii Informatycznych w Katowicach","potentialAction":[{"@type":"SearchAction","target":{"@type":"EntryPoint","urlTemplate":"https:\/\/www.wsti.pl\/?s={search_term_string}"},"query-input":{"@type":"PropertyValueSpecification","valueRequired":true,"valueName":"search_term_string"}}],"inLanguage":"en-US"}]}},"_links":{"self":[{"href":"https:\/\/www.wsti.pl\/en\/wp-json\/wp\/v2\/wydarzenia_cpt\/13830","targetHints":{"allow":["GET"]}}],"collection":[{"href":"https:\/\/www.wsti.pl\/en\/wp-json\/wp\/v2\/wydarzenia_cpt"}],"about":[{"href":"https:\/\/www.wsti.pl\/en\/wp-json\/wp\/v2\/types\/wydarzenia_cpt"}],"author":[{"embeddable":true,"href":"https:\/\/www.wsti.pl\/en\/wp-json\/wp\/v2\/users\/9"}],"wp:attachment":[{"href":"https:\/\/www.wsti.pl\/en\/wp-json\/wp\/v2\/media?parent=13830"}],"wp:term":[{"taxonomy":"wydarzenia_cpt_tags","embeddable":true,"href":"https:\/\/www.wsti.pl\/en\/wp-json\/wp\/v2\/wydarzenia_cpt_tags?post=13830"}],"curies":[{"name":"wp","href":"https:\/\/api.w.org\/{rel}","templated":true}]}}

<section class="textWithIcons textWithIcons--0 ">
    <div class="tbc">   
        <div class="container">
            <div class="row">
                                    <div class="col-12">
                        <div class="text text--2 color--neutral-black tbc__desc"><p>Rektor i Senat Wyższej Szkoły Technologii Informatycznych w Katowicach mają zaszczyt zaprosić wszystkich studentów oraz grono nauczycielskie na uroczystą Inaugurację Roku Akademickiego 2023/2024, która odbędzie się 29 września o godzinie 16.30 w siedzibie uczelni przy ul. Mickiewicza 29 (wysoki parter, sala audiowizualna). Wykład inauguracyjny pt. „Sztuczna inteligencja. Wiele pytań, mało odpowiedzi” wygłosi dr Piotr Dzik.</p>
</div>                    </div>
                                                                                                                                                                                                
            </div>
        </div>
    </div>

</section>

<!-- This site is optimized with the Yoast SEO plugin v27.2 - https://yoast.com/product/yoast-seo-wordpress/ -->
<title>Uroczysta Inauguracja Roku Akademickiego 2023/2024 - WSTI</title>
<meta name="robots" content="index, follow, max-snippet:-1, max-image-preview:large, max-video-preview:-1" />
<link rel="canonical" href="https://www.wsti.pl/inauguracja-roku-akademickiego-2023-2024/" />
<meta property="og:locale" content="en_US" />
<meta property="og:type" content="article" />
<meta property="og:title" content="Uroczysta Inauguracja Roku Akademickiego 2023/2024 - WSTI" />
<meta property="og:url" content="https://www.wsti.pl/inauguracja-roku-akademickiego-2023-2024/" />
<meta property="og:site_name" content="WSTI" />
<meta property="article:modified_time" content="2023-11-26T21:56:05+00:00" />
<meta name="twitter:card" content="summary_large_image" />
<script type="application/ld+json" class="yoast-schema-graph">{"@context":"https://schema.org","@graph":[{"@type":"WebPage","@id":"https://www.wsti.pl/inauguracja-roku-akademickiego-2023-2024/","url":"https://www.wsti.pl/inauguracja-roku-akademickiego-2023-2024/","name":"Uroczysta Inauguracja Roku Akademickiego 2023/2024 - WSTI","isPartOf":{"@id":"https://www.wsti.pl/#website"},"datePublished":"2023-09-15T20:47:00+00:00","dateModified":"2023-11-26T21:56:05+00:00","breadcrumb":{"@id":"https://www.wsti.pl/inauguracja-roku-akademickiego-2023-2024/#breadcrumb"},"inLanguage":"en-US","potentialAction":[{"@type":"ReadAction","target":["https://www.wsti.pl/inauguracja-roku-akademickiego-2023-2024/"]}]},{"@type":"BreadcrumbList","@id":"https://www.wsti.pl/inauguracja-roku-akademickiego-2023-2024/#breadcrumb","itemListElement":[{"@type":"ListItem","position":1,"name":"Strona główna","item":"https://www.wsti.pl/en/"},{"@type":"ListItem","position":2,"name":"Uroczysta Inauguracja Roku Akademickiego 2023/2024"}]},{"@type":"WebSite","@id":"https://www.wsti.pl/#website","url":"https://www.wsti.pl/","name":"WSTI","description":"Wyższa Szkoła Technologii Informatycznych w Katowicach","potentialAction":[{"@type":"SearchAction","target":{"@type":"EntryPoint","urlTemplate":"https://www.wsti.pl/?s={search_term_string}"},"query-input":{"@type":"PropertyValueSpecification","valueRequired":true,"valueName":"search_term_string"}}],"inLanguage":"en-US"}]}</script>
<!-- / Yoast SEO plugin. -->

Strona główna

Wyższa Szkoła Technologii Informatycznych w Katowicach
