{"id":23087,"date":"2024-05-14T10:10:06","date_gmt":"2024-05-14T08:10:06","guid":{"rendered":"https:\/\/www.wsti.pl\/?post_type=wydarzenia_cpt&#038;p=23087"},"modified":"2024-05-14T10:17:38","modified_gmt":"2024-05-14T08:17:38","slug":"i-ogolnopolska-konferencja-naukowa-prawa-filmowego-zmiany-na-rynku-audiowizualnym","status":"publish","type":"wydarzenia_cpt","link":"https:\/\/www.wsti.pl\/en\/i-ogolnopolska-konferencja-naukowa-prawa-filmowego-zmiany-na-rynku-audiowizualnym\/","title":{"rendered":"I Og\u00f3lnopolska Konferencja Naukowa Prawa Filmowego \u2013 \u201eZmiany na rynku audiowizualnym\u201d"},"content":{"rendered":"\n<section class=\"textWithIcons textWithIcons--0 \">\n    <div class=\"tbc\">   \n        <div class=\"container\">\n            <div class=\"row\">\n                                    <div class=\"col-12\">\n                        <div class=\"text text--2 color--neutral-black tbc__desc\"><p>W ostatnim czasie obserwujemy szereg problematycznych zagadnie\u0144 powsta\u0142ych wok\u00f3\u0142 tematyki filmu i produkcji audiowizualnej. Zasady wynagradzania tw\u00f3rc\u00f3w filmowych, popularno\u015b\u0107 nowych, kr\u00f3tkich form audiowizualnych, a tak\u017ce rozw\u00f3j sztucznej inteligencji.<\/p>\n<p>&nbsp;<\/p>\n<p>Z tych powod\u00f3w stworzono projekt konferencji (<strong>I Og\u00f3lnopolska Konferencja Naukowa Prawa Filmowego \u2013 Zmiany na rynku audiowizualnym<\/strong>), kt\u00f3ra ma stanowi\u0107 przestrze\u0144 do wymiany zda\u0144, wyra\u017cania pogl\u0105d\u00f3w i propozycji. Przez takie wydarzenie organizatorzy chc\u0105 przyczyni\u0107 do zainicjowania dzia\u0142a\u0144 zmierzaj\u0105cych do rozwi\u0105zania kwestii spornych z zakresu prawa filmowego, kt\u00f3re maj\u0105 wp\u0142yw na rynek tw\u00f3rczo\u015bci audiowizualnej.<\/p>\n<p>&nbsp;<\/p>\n<p><strong>Harmonogram Konferencji zosta\u0142 podzielony na trzy obszary:<\/strong><\/p>\n<ol>\n<li>\u201eZmiany na rynku audiowizualnym w kontek\u015bcie streamingu: perspektywa korzystaj\u0105cych i tw\u00f3rc\u00f3w\u201d\u2013 keynote speech oraz debata;<\/li>\n<li>\u201eKr\u00f3tkie formy realizacji audiowizualnej: shortsy, reelsy, tiktoki \u2013 prawna perspektywa platform i u\u017cytkownik\u00f3w\u201d\u2013 rozmowa oraz prezentacja abstrakt\u00f3w;<\/li>\n<li>\u201eWykorzystanie GenAI w procesie produkcji filmowej\u201d\u2013 keynote speech oraz debata.<\/li>\n<\/ol>\n<p>&nbsp;<\/p>\n<\/div><div class=\"tbc__fullList tbc__fullList--big\">                    <div class=\"tbc__fullList__box\">\n                        <div class=\"tbc__fullList__box__ico\">\n                                                            <img decoding=\"async\" src=\"https:\/\/www.wsti.pl\/wp-content\/uploads\/2023\/11\/icon-book.svg\" alt=\"\" \/>\n                                                    <\/div>\n                        <div class=\"tbc__fullList__box__content\">\n                                                                                                                    <div class=\"tbc__fullList__box__btns\">\n                                                                                <a class=\"btn btn--ghost-dark btn--ico icon-red\" href=\"https:\/\/us.edu.pl\/wydzial\/wpia\/event\/i-ogolnopolska-konferencja-naukowa-prawa-filmowego-zmiany-na-rynku-audiowizualnym\/\" target=\"_self\">\n                                                Program konferencji                                                <svg width=\"24\" height=\"24\" viewBox=\"0 0 24 24\" fill=\"none\" xmlns=\"http:\/\/www.w3.org\/2000\/svg\">\n<g id=\"Icons\">\n<path id=\"Vector\" d=\"M13.1714 12.0007L8.22168 7.05093L9.63589 5.63672L15.9999 12.0007L9.63589 18.3646L8.22168 16.9504L13.1714 12.0007Z\" fill=\"white\"\/>\n<\/g>\n<\/svg>\n                                            <\/a>\n                                                                                                            <\/div>\n                                                    <\/div>\n                    <\/div>\n                <\/div>                    <\/div>\n                                                                                                                                                                                                \n            <\/div>\n        <\/div>\n    <\/div>\n\n<\/section>\n\n<section class=\"photo-block\">\n    <div class=\"container\">\n        <div class=\"row\">\n\n                            <div class=\"col-12\">\n                    <div class=\"photo-block__picture\">\n                                                    <img decoding=\"async\" src=\"https:\/\/www.wsti.pl\/wp-content\/uploads\/2024\/05\/zmiany-na-rynku-audiowizualnym.jpg\" alt=\"\" \/>\n                                            <\/div>\n                                    <\/div>\n            \n            <\/section>","protected":false},"author":9,"parent":0,"menu_order":0,"template":"","meta":{"_acf_changed":true},"wydarzenia_cpt_tags":[59],"class_list":["post-23087","wydarzenia_cpt","type-wydarzenia_cpt","status-publish","hentry","wydarzenia_cpt_tags-konferencja"],"acf":{"alert_on":false,"alert_filter_tag_select":false,"alert_filter_by_tag":[],"modalComunicatHeader_blog":"","modalComunicatHeader_link":null,"date_event_post":"20240517","awarded_post":false},"yoast_head":"<!-- This site is optimized with the Yoast SEO plugin v27.2 - https:\/\/yoast.com\/product\/yoast-seo-wordpress\/ -->\n<title>I Og\u00f3lnopolska Konferencja Naukowa Prawa Filmowego \u2013 \u201eZmiany na rynku audiowizualnym\u201d - WSTI<\/title>\n<meta name=\"robots\" content=\"index, follow, max-snippet:-1, max-image-preview:large, max-video-preview:-1\" \/>\n<link rel=\"canonical\" href=\"https:\/\/www.wsti.pl\/i-ogolnopolska-konferencja-naukowa-prawa-filmowego-zmiany-na-rynku-audiowizualnym\/\" \/>\n<meta property=\"og:locale\" content=\"en_US\" \/>\n<meta property=\"og:type\" content=\"article\" \/>\n<meta property=\"og:title\" content=\"I Og\u00f3lnopolska Konferencja Naukowa Prawa Filmowego \u2013 \u201eZmiany na rynku audiowizualnym\u201d - WSTI\" \/>\n<meta property=\"og:url\" content=\"https:\/\/www.wsti.pl\/i-ogolnopolska-konferencja-naukowa-prawa-filmowego-zmiany-na-rynku-audiowizualnym\/\" \/>\n<meta property=\"og:site_name\" content=\"WSTI\" \/>\n<meta property=\"article:modified_time\" content=\"2024-05-14T08:17:38+00:00\" \/>\n<meta name=\"twitter:card\" content=\"summary_large_image\" \/>\n<script type=\"application\/ld+json\" class=\"yoast-schema-graph\">{\"@context\":\"https:\/\/schema.org\",\"@graph\":[{\"@type\":\"WebPage\",\"@id\":\"https:\/\/www.wsti.pl\/i-ogolnopolska-konferencja-naukowa-prawa-filmowego-zmiany-na-rynku-audiowizualnym\/\",\"url\":\"https:\/\/www.wsti.pl\/i-ogolnopolska-konferencja-naukowa-prawa-filmowego-zmiany-na-rynku-audiowizualnym\/\",\"name\":\"I Og\u00f3lnopolska Konferencja Naukowa Prawa Filmowego \u2013 \u201eZmiany na rynku audiowizualnym\u201d - WSTI\",\"isPartOf\":{\"@id\":\"https:\/\/www.wsti.pl\/#website\"},\"datePublished\":\"2024-05-14T08:10:06+00:00\",\"dateModified\":\"2024-05-14T08:17:38+00:00\",\"breadcrumb\":{\"@id\":\"https:\/\/www.wsti.pl\/i-ogolnopolska-konferencja-naukowa-prawa-filmowego-zmiany-na-rynku-audiowizualnym\/#breadcrumb\"},\"inLanguage\":\"en-US\",\"potentialAction\":[{\"@type\":\"ReadAction\",\"target\":[\"https:\/\/www.wsti.pl\/i-ogolnopolska-konferencja-naukowa-prawa-filmowego-zmiany-na-rynku-audiowizualnym\/\"]}]},{\"@type\":\"BreadcrumbList\",\"@id\":\"https:\/\/www.wsti.pl\/i-ogolnopolska-konferencja-naukowa-prawa-filmowego-zmiany-na-rynku-audiowizualnym\/#breadcrumb\",\"itemListElement\":[{\"@type\":\"ListItem\",\"position\":1,\"name\":\"Strona g\u0142\u00f3wna\",\"item\":\"https:\/\/www.wsti.pl\/en\/\"},{\"@type\":\"ListItem\",\"position\":2,\"name\":\"I Og\u00f3lnopolska Konferencja Naukowa Prawa Filmowego \u2013 \u201eZmiany na rynku audiowizualnym\u201d\"}]},{\"@type\":\"WebSite\",\"@id\":\"https:\/\/www.wsti.pl\/#website\",\"url\":\"https:\/\/www.wsti.pl\/\",\"name\":\"WSTI\",\"description\":\"Wy\u017csza Szko\u0142a Technologii Informatycznych w Katowicach\",\"potentialAction\":[{\"@type\":\"SearchAction\",\"target\":{\"@type\":\"EntryPoint\",\"urlTemplate\":\"https:\/\/www.wsti.pl\/?s={search_term_string}\"},\"query-input\":{\"@type\":\"PropertyValueSpecification\",\"valueRequired\":true,\"valueName\":\"search_term_string\"}}],\"inLanguage\":\"en-US\"}]}<\/script>\n<!-- \/ Yoast SEO plugin. -->","yoast_head_json":{"title":"I Og\u00f3lnopolska Konferencja Naukowa Prawa Filmowego \u2013 \u201eZmiany na rynku audiowizualnym\u201d - WSTI","robots":{"index":"index","follow":"follow","max-snippet":"max-snippet:-1","max-image-preview":"max-image-preview:large","max-video-preview":"max-video-preview:-1"},"canonical":"https:\/\/www.wsti.pl\/i-ogolnopolska-konferencja-naukowa-prawa-filmowego-zmiany-na-rynku-audiowizualnym\/","og_locale":"en_US","og_type":"article","og_title":"I Og\u00f3lnopolska Konferencja Naukowa Prawa Filmowego \u2013 \u201eZmiany na rynku audiowizualnym\u201d - WSTI","og_url":"https:\/\/www.wsti.pl\/i-ogolnopolska-konferencja-naukowa-prawa-filmowego-zmiany-na-rynku-audiowizualnym\/","og_site_name":"WSTI","article_modified_time":"2024-05-14T08:17:38+00:00","twitter_card":"summary_large_image","schema":{"@context":"https:\/\/schema.org","@graph":[{"@type":"WebPage","@id":"https:\/\/www.wsti.pl\/i-ogolnopolska-konferencja-naukowa-prawa-filmowego-zmiany-na-rynku-audiowizualnym\/","url":"https:\/\/www.wsti.pl\/i-ogolnopolska-konferencja-naukowa-prawa-filmowego-zmiany-na-rynku-audiowizualnym\/","name":"I Og\u00f3lnopolska Konferencja Naukowa Prawa Filmowego \u2013 \u201eZmiany na rynku audiowizualnym\u201d - WSTI","isPartOf":{"@id":"https:\/\/www.wsti.pl\/#website"},"datePublished":"2024-05-14T08:10:06+00:00","dateModified":"2024-05-14T08:17:38+00:00","breadcrumb":{"@id":"https:\/\/www.wsti.pl\/i-ogolnopolska-konferencja-naukowa-prawa-filmowego-zmiany-na-rynku-audiowizualnym\/#breadcrumb"},"inLanguage":"en-US","potentialAction":[{"@type":"ReadAction","target":["https:\/\/www.wsti.pl\/i-ogolnopolska-konferencja-naukowa-prawa-filmowego-zmiany-na-rynku-audiowizualnym\/"]}]},{"@type":"BreadcrumbList","@id":"https:\/\/www.wsti.pl\/i-ogolnopolska-konferencja-naukowa-prawa-filmowego-zmiany-na-rynku-audiowizualnym\/#breadcrumb","itemListElement":[{"@type":"ListItem","position":1,"name":"Strona g\u0142\u00f3wna","item":"https:\/\/www.wsti.pl\/en\/"},{"@type":"ListItem","position":2,"name":"I Og\u00f3lnopolska Konferencja Naukowa Prawa Filmowego \u2013 \u201eZmiany na rynku audiowizualnym\u201d"}]},{"@type":"WebSite","@id":"https:\/\/www.wsti.pl\/#website","url":"https:\/\/www.wsti.pl\/","name":"WSTI","description":"Wy\u017csza Szko\u0142a Technologii Informatycznych w Katowicach","potentialAction":[{"@type":"SearchAction","target":{"@type":"EntryPoint","urlTemplate":"https:\/\/www.wsti.pl\/?s={search_term_string}"},"query-input":{"@type":"PropertyValueSpecification","valueRequired":true,"valueName":"search_term_string"}}],"inLanguage":"en-US"}]}},"_links":{"self":[{"href":"https:\/\/www.wsti.pl\/en\/wp-json\/wp\/v2\/wydarzenia_cpt\/23087","targetHints":{"allow":["GET"]}}],"collection":[{"href":"https:\/\/www.wsti.pl\/en\/wp-json\/wp\/v2\/wydarzenia_cpt"}],"about":[{"href":"https:\/\/www.wsti.pl\/en\/wp-json\/wp\/v2\/types\/wydarzenia_cpt"}],"author":[{"embeddable":true,"href":"https:\/\/www.wsti.pl\/en\/wp-json\/wp\/v2\/users\/9"}],"wp:attachment":[{"href":"https:\/\/www.wsti.pl\/en\/wp-json\/wp\/v2\/media?parent=23087"}],"wp:term":[{"taxonomy":"wydarzenia_cpt_tags","embeddable":true,"href":"https:\/\/www.wsti.pl\/en\/wp-json\/wp\/v2\/wydarzenia_cpt_tags?post=23087"}],"curies":[{"name":"wp","href":"https:\/\/api.w.org\/{rel}","templated":true}]}}

I Ogólnopolska Konferencja Naukowa Prawa Filmowego – „Zmiany na rynku audiowizualnym”

<section class="textWithIcons textWithIcons--0 ">
    <div class="tbc">   
        <div class="container">
            <div class="row">
                                    <div class="col-12">
                        <div class="text text--2 color--neutral-black tbc__desc"><p>W ostatnim czasie obserwujemy szereg problematycznych zagadnień powstałych wokół tematyki filmu i produkcji audiowizualnej. Zasady wynagradzania twórców filmowych, popularność nowych, krótkich form audiowizualnych, a także rozwój sztucznej inteligencji.</p>
<p>&nbsp;</p>
<p>Z tych powodów stworzono projekt konferencji (<strong>I Ogólnopolska Konferencja Naukowa Prawa Filmowego – Zmiany na rynku audiowizualnym</strong>), która ma stanowić przestrzeń do wymiany zdań, wyrażania poglądów i propozycji. Przez takie wydarzenie organizatorzy chcą przyczynić do zainicjowania działań zmierzających do rozwiązania kwestii spornych z zakresu prawa filmowego, które mają wpływ na rynek twórczości audiowizualnej.</p>
<p>&nbsp;</p>
<p><strong>Harmonogram Konferencji został podzielony na trzy obszary:</strong></p>
<ol>
<li>„Zmiany na rynku audiowizualnym w kontekście streamingu: perspektywa korzystających i twórców”– keynote speech oraz debata;</li>
<li>„Krótkie formy realizacji audiowizualnej: shortsy, reelsy, tiktoki – prawna perspektywa platform i użytkowników”– rozmowa oraz prezentacja abstraktów;</li>
<li>„Wykorzystanie GenAI w procesie produkcji filmowej”– keynote speech oraz debata.</li>
</ol>
<p>&nbsp;</p>
</div><div class="tbc__fullList tbc__fullList--big">                    <div class="tbc__fullList__box">
                        <div class="tbc__fullList__box__ico">
                                                            <img decoding="async" src="https://www.wsti.pl/wp-content/uploads/2023/11/icon-book.svg" alt="" />
                                                    </div>
                        <div class="tbc__fullList__box__content">
                                                                                                                    <div class="tbc__fullList__box__btns">
                                                                                <a class="btn btn--ghost-dark btn--ico icon-red" href="https://us.edu.pl/wydzial/wpia/event/i-ogolnopolska-konferencja-naukowa-prawa-filmowego-zmiany-na-rynku-audiowizualnym/" target="_self">
                                                Program konferencji                                                <svg width="24" height="24" viewBox="0 0 24 24" fill="none" xmlns="http://www.w3.org/2000/svg">
<g id="Icons">
<path id="Vector" d="M13.1714 12.0007L8.22168 7.05093L9.63589 5.63672L15.9999 12.0007L9.63589 18.3646L8.22168 16.9504L13.1714 12.0007Z" fill="white"/>
</g>
</svg>
                                            </a>
                                                                                                            </div>
                                                    </div>
                    </div>
                </div>                    </div>
                                                                                                                                                                                                
            </div>
        </div>
    </div>

</section>

<section class="photo-block">
    <div class="container">
        <div class="row">

                            <div class="col-12">
                    <div class="photo-block__picture">
                                                    <img decoding="async" src="https://www.wsti.pl/wp-content/uploads/2024/05/zmiany-na-rynku-audiowizualnym.jpg" alt="" />
                                            </div>
                                    </div>
            
            </section>

<!-- This site is optimized with the Yoast SEO plugin v27.2 - https://yoast.com/product/yoast-seo-wordpress/ -->
<title>I Ogólnopolska Konferencja Naukowa Prawa Filmowego – „Zmiany na rynku audiowizualnym” - WSTI</title>
<meta name="robots" content="index, follow, max-snippet:-1, max-image-preview:large, max-video-preview:-1" />
<link rel="canonical" href="https://www.wsti.pl/i-ogolnopolska-konferencja-naukowa-prawa-filmowego-zmiany-na-rynku-audiowizualnym/" />
<meta property="og:locale" content="en_US" />
<meta property="og:type" content="article" />
<meta property="og:title" content="I Ogólnopolska Konferencja Naukowa Prawa Filmowego – „Zmiany na rynku audiowizualnym” - WSTI" />
<meta property="og:url" content="https://www.wsti.pl/i-ogolnopolska-konferencja-naukowa-prawa-filmowego-zmiany-na-rynku-audiowizualnym/" />
<meta property="og:site_name" content="WSTI" />
<meta property="article:modified_time" content="2024-05-14T08:17:38+00:00" />
<meta name="twitter:card" content="summary_large_image" />
<script type="application/ld+json" class="yoast-schema-graph">{"@context":"https://schema.org","@graph":[{"@type":"WebPage","@id":"https://www.wsti.pl/i-ogolnopolska-konferencja-naukowa-prawa-filmowego-zmiany-na-rynku-audiowizualnym/","url":"https://www.wsti.pl/i-ogolnopolska-konferencja-naukowa-prawa-filmowego-zmiany-na-rynku-audiowizualnym/","name":"I Ogólnopolska Konferencja Naukowa Prawa Filmowego – „Zmiany na rynku audiowizualnym” - WSTI","isPartOf":{"@id":"https://www.wsti.pl/#website"},"datePublished":"2024-05-14T08:10:06+00:00","dateModified":"2024-05-14T08:17:38+00:00","breadcrumb":{"@id":"https://www.wsti.pl/i-ogolnopolska-konferencja-naukowa-prawa-filmowego-zmiany-na-rynku-audiowizualnym/#breadcrumb"},"inLanguage":"en-US","potentialAction":[{"@type":"ReadAction","target":["https://www.wsti.pl/i-ogolnopolska-konferencja-naukowa-prawa-filmowego-zmiany-na-rynku-audiowizualnym/"]}]},{"@type":"BreadcrumbList","@id":"https://www.wsti.pl/i-ogolnopolska-konferencja-naukowa-prawa-filmowego-zmiany-na-rynku-audiowizualnym/#breadcrumb","itemListElement":[{"@type":"ListItem","position":1,"name":"Strona główna","item":"https://www.wsti.pl/en/"},{"@type":"ListItem","position":2,"name":"I Ogólnopolska Konferencja Naukowa Prawa Filmowego – „Zmiany na rynku audiowizualnym”"}]},{"@type":"WebSite","@id":"https://www.wsti.pl/#website","url":"https://www.wsti.pl/","name":"WSTI","description":"Wyższa Szkoła Technologii Informatycznych w Katowicach","potentialAction":[{"@type":"SearchAction","target":{"@type":"EntryPoint","urlTemplate":"https://www.wsti.pl/?s={search_term_string}"},"query-input":{"@type":"PropertyValueSpecification","valueRequired":true,"valueName":"search_term_string"}}],"inLanguage":"en-US"}]}</script>
<!-- / Yoast SEO plugin. -->

I Ogólnopolska Konferencja Naukowa Prawa Filmowego – „Zmiany na rynku audiowizualnym” - WSTI

Strona główna

Wyższa Szkoła Technologii Informatycznych w Katowicach
