{"id":8613,"date":"2023-11-03T15:02:46","date_gmt":"2023-11-03T14:02:46","guid":{"rendered":"https:\/\/www.wsti.pl\/?post_type=publikacje_cpt&#038;p=8613"},"modified":"2024-06-20T09:54:58","modified_gmt":"2024-06-20T07:54:58","slug":"polscy-programisci-przez-co-najmniej-10-lat-nie-musza-martwic-sie-o-prace","status":"publish","type":"publikacje_cpt","link":"https:\/\/www.wsti.pl\/ru\/polscy-programisci-przez-co-najmniej-10-lat-nie-musza-martwic-sie-o-prace\/","title":{"rendered":"Polscy programi\u015bci przez co najmniej 10 lat nie musz\u0105 martwi\u0107 si\u0119 o\u00a0prac\u0119"},"content":{"rendered":"<section class=\"textBlock textBlock--0 \">\n    <div class=\"tbc\">\n        <div class=\"container\">\n            <div class=\"row\">\n                                    <div class=\"col-12\">\n                        <h3 class=\"title title--3 color--neutral-black tbc__title\">Jest zaw\u00f3d, w\u00a0kt\u00f3rym o\u00a0prac\u0119 nie trzeba si\u0119 specjalnie martwi\u0107.<\/h3>                                                                            <div class=\"text text--2 color--neutral-black tbc__desc\"><div class=\"article-heading clearfix\">\n<div class=\"page-header\">\n<p><span style=\"font-size: 16px;\">Du\u017ce zapotrzebowanie na programist\u00f3w sprawia, \u017ce jeszcze przez co najmniej 10 lat nie b\u0119d\u0105 oni mieli problem\u00f3w ze znalezieniem zatrudnienia. O polskich programist\u00f3w coraz cz\u0119\u015bciej konkuruj\u0105 o nich najwi\u0119ksze globalne firmy.<\/span><\/p>\n<\/div>\n<\/div>\n<div class=\"article-text\">\n<p>&nbsp;<\/p>\n<p>Jest zaw\u00f3d, w\u00a0kt\u00f3rym o\u00a0prac\u0119 nie trzeba si\u0119 specjalnie martwi\u0107. Du\u017ce zapotrzebowanie na programist\u00f3w sprawia, \u017ce jeszcze przez co najmniej 10 lat nie b\u0119d\u0105 oni mieli problem\u00f3w ze znalezieniem zatrudnienia. O\u00a0polskich programist\u00f3w coraz cz\u0119\u015bciej konkuruj\u0105 o\u00a0nich najwi\u0119ksze globalne firmy.<\/p>\n<p>&nbsp;<\/p>\n<p>\u2013 <em>Rynek pracy dla programist\u00f3w wygl\u0105da w\u00a0Polsce bardzo dobrze. My\u015bl\u0119, \u017ce mo\u017cemy zatrudnia\u0107 jeszcze przez 10 lat, bo i\u00a0tak brakuje ludzi na rynku<\/em> \u2013 ocenia w\u00a0rozmowie z\u00a0agencj\u0105 informacyjn\u0105 Newseria Biznes Markus T\u00f6rnberg, dyrektor generalny Crossover.<\/p>\n<\/div>\n<\/div>                                                            <div class=\"tbc__btns\">\n                                        <a class=\"btn btn--sec-light btn--ico\" href=\"http:\/\/biznes.onet.pl\" target=\"_self\">\n                            \u0179r\u00f3d\u0142o http:\/\/biznes.onet.pl<svg width=\"24\" height=\"24\" viewBox=\"0 0 24 24\" fill=\"none\" xmlns=\"http:\/\/www.w3.org\/2000\/svg\">\n<path d=\"M6.41421 15.8885L16.5563 5.7464L15.1421 4.33219L5 14.4743V15.8885H6.41421ZM7.24264 17.8885H3V13.6459L14.435 2.21087C14.8256 1.82034 15.4587 1.82034 15.8492 2.21087L18.6777 5.03929C19.0682 5.42982 19.0682 6.06298 18.6777 6.45351L7.24264 17.8885ZM3 19.8885H21V21.8885H3V19.8885Z\" fill=\"#D90031\"\/>\n<\/svg>\n                        <\/a>\n                                                        \n                            <\/div>\n                            <\/div>\n                                                                                                            <\/div>\n        <\/div>\n    <\/div>\n<\/section>\n","protected":false},"author":9,"featured_media":5019,"parent":0,"menu_order":0,"template":"","meta":{"_acf_changed":true},"publikacje_cpt_tags":[29],"class_list":["post-8613","publikacje_cpt","type-publikacje_cpt","status-publish","has-post-thumbnail","hentry","publikacje_cpt_tags-perspektywy-rynku-pracy"],"acf":{"alert_on":false,"alert_filter_tag_select":false,"alert_filter_by_tag":[],"modalComunicatHeader_blog":"","modalComunicatHeader_link":null,"awarded_post":false},"yoast_head":"<!-- This site is optimized with the Yoast SEO plugin v27.2 - https:\/\/yoast.com\/product\/yoast-seo-wordpress\/ -->\n<title>Polscy programi\u015bci przez co najmniej 10 lat nie musz\u0105 martwi\u0107 si\u0119 o\u00a0prac\u0119 - WSTI<\/title>\n<meta name=\"robots\" content=\"index, follow, max-snippet:-1, max-image-preview:large, max-video-preview:-1\" \/>\n<link rel=\"canonical\" href=\"https:\/\/www.wsti.pl\/polscy-programisci-przez-co-najmniej-10-lat-nie-musza-martwic-sie-o-prace\/\" \/>\n<meta property=\"og:locale\" content=\"ru_RU\" \/>\n<meta property=\"og:type\" content=\"article\" \/>\n<meta property=\"og:title\" content=\"Polscy programi\u015bci przez co najmniej 10 lat nie musz\u0105 martwi\u0107 si\u0119 o\u00a0prac\u0119 - WSTI\" \/>\n<meta property=\"og:url\" content=\"https:\/\/www.wsti.pl\/polscy-programisci-przez-co-najmniej-10-lat-nie-musza-martwic-sie-o-prace\/\" \/>\n<meta property=\"og:site_name\" content=\"WSTI\" \/>\n<meta property=\"article:modified_time\" content=\"2024-06-20T07:54:58+00:00\" \/>\n<meta property=\"og:image\" content=\"https:\/\/www.wsti.pl\/wp-content\/uploads\/2023\/11\/informatyka_cisco_wsti_02.jpg\" \/>\n\t<meta property=\"og:image:width\" content=\"1280\" \/>\n\t<meta property=\"og:image:height\" content=\"784\" \/>\n\t<meta property=\"og:image:type\" content=\"image\/jpeg\" \/>\n<meta name=\"twitter:card\" content=\"summary_large_image\" \/>\n<script type=\"application\/ld+json\" class=\"yoast-schema-graph\">{\"@context\":\"https:\/\/schema.org\",\"@graph\":[{\"@type\":\"WebPage\",\"@id\":\"https:\/\/www.wsti.pl\/polscy-programisci-przez-co-najmniej-10-lat-nie-musza-martwic-sie-o-prace\/\",\"url\":\"https:\/\/www.wsti.pl\/polscy-programisci-przez-co-najmniej-10-lat-nie-musza-martwic-sie-o-prace\/\",\"name\":\"Polscy programi\u015bci przez co najmniej 10 lat nie musz\u0105 martwi\u0107 si\u0119 o\u00a0prac\u0119 - WSTI\",\"isPartOf\":{\"@id\":\"https:\/\/www.wsti.pl\/#website\"},\"primaryImageOfPage\":{\"@id\":\"https:\/\/www.wsti.pl\/polscy-programisci-przez-co-najmniej-10-lat-nie-musza-martwic-sie-o-prace\/#primaryimage\"},\"image\":{\"@id\":\"https:\/\/www.wsti.pl\/polscy-programisci-przez-co-najmniej-10-lat-nie-musza-martwic-sie-o-prace\/#primaryimage\"},\"thumbnailUrl\":\"https:\/\/www.wsti.pl\/wp-content\/uploads\/2023\/11\/informatyka_cisco_wsti_02.jpg\",\"datePublished\":\"2023-11-03T14:02:46+00:00\",\"dateModified\":\"2024-06-20T07:54:58+00:00\",\"breadcrumb\":{\"@id\":\"https:\/\/www.wsti.pl\/polscy-programisci-przez-co-najmniej-10-lat-nie-musza-martwic-sie-o-prace\/#breadcrumb\"},\"inLanguage\":\"ru-RU\",\"potentialAction\":[{\"@type\":\"ReadAction\",\"target\":[\"https:\/\/www.wsti.pl\/polscy-programisci-przez-co-najmniej-10-lat-nie-musza-martwic-sie-o-prace\/\"]}]},{\"@type\":\"ImageObject\",\"inLanguage\":\"ru-RU\",\"@id\":\"https:\/\/www.wsti.pl\/polscy-programisci-przez-co-najmniej-10-lat-nie-musza-martwic-sie-o-prace\/#primaryimage\",\"url\":\"https:\/\/www.wsti.pl\/wp-content\/uploads\/2023\/11\/informatyka_cisco_wsti_02.jpg\",\"contentUrl\":\"https:\/\/www.wsti.pl\/wp-content\/uploads\/2023\/11\/informatyka_cisco_wsti_02.jpg\",\"width\":1280,\"height\":784},{\"@type\":\"BreadcrumbList\",\"@id\":\"https:\/\/www.wsti.pl\/polscy-programisci-przez-co-najmniej-10-lat-nie-musza-martwic-sie-o-prace\/#breadcrumb\",\"itemListElement\":[{\"@type\":\"ListItem\",\"position\":1,\"name\":\"Strona g\u0142\u00f3wna\",\"item\":\"https:\/\/www.wsti.pl\/ru\/\"},{\"@type\":\"ListItem\",\"position\":2,\"name\":\"Polscy programi\u015bci przez co najmniej 10 lat nie musz\u0105 martwi\u0107 si\u0119 o\u00a0prac\u0119\"}]},{\"@type\":\"WebSite\",\"@id\":\"https:\/\/www.wsti.pl\/#website\",\"url\":\"https:\/\/www.wsti.pl\/\",\"name\":\"WSTI\",\"description\":\"Wy\u017csza Szko\u0142a Technologii Informatycznych w Katowicach\",\"potentialAction\":[{\"@type\":\"SearchAction\",\"target\":{\"@type\":\"EntryPoint\",\"urlTemplate\":\"https:\/\/www.wsti.pl\/?s={search_term_string}\"},\"query-input\":{\"@type\":\"PropertyValueSpecification\",\"valueRequired\":true,\"valueName\":\"search_term_string\"}}],\"inLanguage\":\"ru-RU\"}]}<\/script>\n<!-- \/ Yoast SEO plugin. -->","yoast_head_json":{"title":"Polscy programi\u015bci przez co najmniej 10 lat nie musz\u0105 martwi\u0107 si\u0119 o\u00a0prac\u0119 - WSTI","robots":{"index":"index","follow":"follow","max-snippet":"max-snippet:-1","max-image-preview":"max-image-preview:large","max-video-preview":"max-video-preview:-1"},"canonical":"https:\/\/www.wsti.pl\/polscy-programisci-przez-co-najmniej-10-lat-nie-musza-martwic-sie-o-prace\/","og_locale":"ru_RU","og_type":"article","og_title":"Polscy programi\u015bci przez co najmniej 10 lat nie musz\u0105 martwi\u0107 si\u0119 o\u00a0prac\u0119 - WSTI","og_url":"https:\/\/www.wsti.pl\/polscy-programisci-przez-co-najmniej-10-lat-nie-musza-martwic-sie-o-prace\/","og_site_name":"WSTI","article_modified_time":"2024-06-20T07:54:58+00:00","og_image":[{"width":1280,"height":784,"url":"https:\/\/www.wsti.pl\/wp-content\/uploads\/2023\/11\/informatyka_cisco_wsti_02.jpg","type":"image\/jpeg"}],"twitter_card":"summary_large_image","schema":{"@context":"https:\/\/schema.org","@graph":[{"@type":"WebPage","@id":"https:\/\/www.wsti.pl\/polscy-programisci-przez-co-najmniej-10-lat-nie-musza-martwic-sie-o-prace\/","url":"https:\/\/www.wsti.pl\/polscy-programisci-przez-co-najmniej-10-lat-nie-musza-martwic-sie-o-prace\/","name":"Polscy programi\u015bci przez co najmniej 10 lat nie musz\u0105 martwi\u0107 si\u0119 o\u00a0prac\u0119 - WSTI","isPartOf":{"@id":"https:\/\/www.wsti.pl\/#website"},"primaryImageOfPage":{"@id":"https:\/\/www.wsti.pl\/polscy-programisci-przez-co-najmniej-10-lat-nie-musza-martwic-sie-o-prace\/#primaryimage"},"image":{"@id":"https:\/\/www.wsti.pl\/polscy-programisci-przez-co-najmniej-10-lat-nie-musza-martwic-sie-o-prace\/#primaryimage"},"thumbnailUrl":"https:\/\/www.wsti.pl\/wp-content\/uploads\/2023\/11\/informatyka_cisco_wsti_02.jpg","datePublished":"2023-11-03T14:02:46+00:00","dateModified":"2024-06-20T07:54:58+00:00","breadcrumb":{"@id":"https:\/\/www.wsti.pl\/polscy-programisci-przez-co-najmniej-10-lat-nie-musza-martwic-sie-o-prace\/#breadcrumb"},"inLanguage":"ru-RU","potentialAction":[{"@type":"ReadAction","target":["https:\/\/www.wsti.pl\/polscy-programisci-przez-co-najmniej-10-lat-nie-musza-martwic-sie-o-prace\/"]}]},{"@type":"ImageObject","inLanguage":"ru-RU","@id":"https:\/\/www.wsti.pl\/polscy-programisci-przez-co-najmniej-10-lat-nie-musza-martwic-sie-o-prace\/#primaryimage","url":"https:\/\/www.wsti.pl\/wp-content\/uploads\/2023\/11\/informatyka_cisco_wsti_02.jpg","contentUrl":"https:\/\/www.wsti.pl\/wp-content\/uploads\/2023\/11\/informatyka_cisco_wsti_02.jpg","width":1280,"height":784},{"@type":"BreadcrumbList","@id":"https:\/\/www.wsti.pl\/polscy-programisci-przez-co-najmniej-10-lat-nie-musza-martwic-sie-o-prace\/#breadcrumb","itemListElement":[{"@type":"ListItem","position":1,"name":"Strona g\u0142\u00f3wna","item":"https:\/\/www.wsti.pl\/ru\/"},{"@type":"ListItem","position":2,"name":"Polscy programi\u015bci przez co najmniej 10 lat nie musz\u0105 martwi\u0107 si\u0119 o\u00a0prac\u0119"}]},{"@type":"WebSite","@id":"https:\/\/www.wsti.pl\/#website","url":"https:\/\/www.wsti.pl\/","name":"WSTI","description":"Wy\u017csza Szko\u0142a Technologii Informatycznych w Katowicach","potentialAction":[{"@type":"SearchAction","target":{"@type":"EntryPoint","urlTemplate":"https:\/\/www.wsti.pl\/?s={search_term_string}"},"query-input":{"@type":"PropertyValueSpecification","valueRequired":true,"valueName":"search_term_string"}}],"inLanguage":"ru-RU"}]}},"_links":{"self":[{"href":"https:\/\/www.wsti.pl\/ru\/wp-json\/wp\/v2\/publikacje_cpt\/8613","targetHints":{"allow":["GET"]}}],"collection":[{"href":"https:\/\/www.wsti.pl\/ru\/wp-json\/wp\/v2\/publikacje_cpt"}],"about":[{"href":"https:\/\/www.wsti.pl\/ru\/wp-json\/wp\/v2\/types\/publikacje_cpt"}],"author":[{"embeddable":true,"href":"https:\/\/www.wsti.pl\/ru\/wp-json\/wp\/v2\/users\/9"}],"wp:featuredmedia":[{"embeddable":true,"href":"https:\/\/www.wsti.pl\/ru\/wp-json\/wp\/v2\/media\/5019"}],"wp:attachment":[{"href":"https:\/\/www.wsti.pl\/ru\/wp-json\/wp\/v2\/media?parent=8613"}],"wp:term":[{"taxonomy":"publikacje_cpt_tags","embeddable":true,"href":"https:\/\/www.wsti.pl\/ru\/wp-json\/wp\/v2\/publikacje_cpt_tags?post=8613"}],"curies":[{"name":"wp","href":"https:\/\/api.w.org\/{rel}","templated":true}]}}

Polscy programiści przez co najmniej 10 lat nie muszą martwić się o pracę

<section class="textBlock textBlock--0 ">
    <div class="tbc">
        <div class="container">
            <div class="row">
                                    <div class="col-12">
                        <h3 class="title title--3 color--neutral-black tbc__title">Jest zawód, w którym o pracę nie trzeba się specjalnie martwić.</h3>                                                                            <div class="text text--2 color--neutral-black tbc__desc"><div class="article-heading clearfix">
<div class="page-header">
<p><span style="font-size: 16px;">Duże zapotrzebowanie na programistów sprawia, że jeszcze przez co najmniej 10 lat nie będą oni mieli problemów ze znalezieniem zatrudnienia. O polskich programistów coraz częściej konkurują o nich największe globalne firmy.</span></p>
</div>
</div>
<div class="article-text">
<p>&nbsp;</p>
<p>Jest zawód, w którym o pracę nie trzeba się specjalnie martwić. Duże zapotrzebowanie na programistów sprawia, że jeszcze przez co najmniej 10 lat nie będą oni mieli problemów ze znalezieniem zatrudnienia. O polskich programistów coraz częściej konkurują o nich największe globalne firmy.</p>
<p>&nbsp;</p>
<p>– <em>Rynek pracy dla programistów wygląda w Polsce bardzo dobrze. Myślę, że możemy zatrudniać jeszcze przez 10 lat, bo i tak brakuje ludzi na rynku</em> – ocenia w rozmowie z agencją informacyjną Newseria Biznes Markus Törnberg, dyrektor generalny Crossover.</p>
</div>
</div>                                                            <div class="tbc__btns">
                                        <a class="btn btn--sec-light btn--ico" href="http://biznes.onet.pl" target="_self">
                            Źródło http://biznes.onet.pl<svg width="24" height="24" viewBox="0 0 24 24" fill="none" xmlns="http://www.w3.org/2000/svg">
<path d="M6.41421 15.8885L16.5563 5.7464L15.1421 4.33219L5 14.4743V15.8885H6.41421ZM7.24264 17.8885H3V13.6459L14.435 2.21087C14.8256 1.82034 15.4587 1.82034 15.8492 2.21087L18.6777 5.03929C19.0682 5.42982 19.0682 6.06298 18.6777 6.45351L7.24264 17.8885ZM3 19.8885H21V21.8885H3V19.8885Z" fill="#D90031"/>
</svg>
                        </a>
                                                        
                            </div>
                            </div>
                                                                                                            </div>
        </div>
    </div>
</section>

<!-- This site is optimized with the Yoast SEO plugin v27.2 - https://yoast.com/product/yoast-seo-wordpress/ -->
<title>Polscy programiści przez co najmniej 10 lat nie muszą martwić się o pracę - WSTI</title>
<meta name="robots" content="index, follow, max-snippet:-1, max-image-preview:large, max-video-preview:-1" />
<link rel="canonical" href="https://www.wsti.pl/polscy-programisci-przez-co-najmniej-10-lat-nie-musza-martwic-sie-o-prace/" />
<meta property="og:locale" content="ru_RU" />
<meta property="og:type" content="article" />
<meta property="og:title" content="Polscy programiści przez co najmniej 10 lat nie muszą martwić się o pracę - WSTI" />
<meta property="og:url" content="https://www.wsti.pl/polscy-programisci-przez-co-najmniej-10-lat-nie-musza-martwic-sie-o-prace/" />
<meta property="og:site_name" content="WSTI" />
<meta property="article:modified_time" content="2024-06-20T07:54:58+00:00" />
<meta property="og:image" content="https://www.wsti.pl/wp-content/uploads/2023/11/informatyka_cisco_wsti_02.jpg" />
	<meta property="og:image:width" content="1280" />
	<meta property="og:image:height" content="784" />
	<meta property="og:image:type" content="image/jpeg" />
<meta name="twitter:card" content="summary_large_image" />
<script type="application/ld+json" class="yoast-schema-graph">{"@context":"https://schema.org","@graph":[{"@type":"WebPage","@id":"https://www.wsti.pl/polscy-programisci-przez-co-najmniej-10-lat-nie-musza-martwic-sie-o-prace/","url":"https://www.wsti.pl/polscy-programisci-przez-co-najmniej-10-lat-nie-musza-martwic-sie-o-prace/","name":"Polscy programiści przez co najmniej 10 lat nie muszą martwić się o pracę - WSTI","isPartOf":{"@id":"https://www.wsti.pl/#website"},"primaryImageOfPage":{"@id":"https://www.wsti.pl/polscy-programisci-przez-co-najmniej-10-lat-nie-musza-martwic-sie-o-prace/#primaryimage"},"image":{"@id":"https://www.wsti.pl/polscy-programisci-przez-co-najmniej-10-lat-nie-musza-martwic-sie-o-prace/#primaryimage"},"thumbnailUrl":"https://www.wsti.pl/wp-content/uploads/2023/11/informatyka_cisco_wsti_02.jpg","datePublished":"2023-11-03T14:02:46+00:00","dateModified":"2024-06-20T07:54:58+00:00","breadcrumb":{"@id":"https://www.wsti.pl/polscy-programisci-przez-co-najmniej-10-lat-nie-musza-martwic-sie-o-prace/#breadcrumb"},"inLanguage":"ru-RU","potentialAction":[{"@type":"ReadAction","target":["https://www.wsti.pl/polscy-programisci-przez-co-najmniej-10-lat-nie-musza-martwic-sie-o-prace/"]}]},{"@type":"ImageObject","inLanguage":"ru-RU","@id":"https://www.wsti.pl/polscy-programisci-przez-co-najmniej-10-lat-nie-musza-martwic-sie-o-prace/#primaryimage","url":"https://www.wsti.pl/wp-content/uploads/2023/11/informatyka_cisco_wsti_02.jpg","contentUrl":"https://www.wsti.pl/wp-content/uploads/2023/11/informatyka_cisco_wsti_02.jpg","width":1280,"height":784},{"@type":"BreadcrumbList","@id":"https://www.wsti.pl/polscy-programisci-przez-co-najmniej-10-lat-nie-musza-martwic-sie-o-prace/#breadcrumb","itemListElement":[{"@type":"ListItem","position":1,"name":"Strona główna","item":"https://www.wsti.pl/ru/"},{"@type":"ListItem","position":2,"name":"Polscy programiści przez co najmniej 10 lat nie muszą martwić się o pracę"}]},{"@type":"WebSite","@id":"https://www.wsti.pl/#website","url":"https://www.wsti.pl/","name":"WSTI","description":"Wyższa Szkoła Technologii Informatycznych w Katowicach","potentialAction":[{"@type":"SearchAction","target":{"@type":"EntryPoint","urlTemplate":"https://www.wsti.pl/?s={search_term_string}"},"query-input":{"@type":"PropertyValueSpecification","valueRequired":true,"valueName":"search_term_string"}}],"inLanguage":"ru-RU"}]}</script>
<!-- / Yoast SEO plugin. -->

Polscy programiści przez co najmniej 10 lat nie muszą martwić się o pracę - WSTI

Strona główna

Wyższa Szkoła Technologii Informatycznych w Katowicach
