{"id":34998,"date":"2025-09-26T10:25:23","date_gmt":"2025-09-26T08:25:23","guid":{"rendered":"https:\/\/www.wsti.pl\/?post_type=waznekomunikaty_cpt&#038;p=34998"},"modified":"2025-10-28T08:28:01","modified_gmt":"2025-10-28T07:28:01","slug":"godziny-pracy-dziekanatu-w-dniach-01-25-09-2025","status":"publish","type":"waznekomunikaty_cpt","link":"https:\/\/www.wsti.pl\/ru\/godziny-pracy-dziekanatu-w-dniach-01-25-09-2025\/","title":{"rendered":"Godziny pracy Dziekanatu w RA 2025\/2026"},"content":{"rendered":"<section class=\"textSimplePhrase  \">\n    <div class=\"container\">\n        <div class=\"row\">\n            <div class=\"col-12\">\n                <div class=\"textSimplePhrase__inner\">\n                    <div class=\"text text--1\">Uprzejmie informujemy, \u017ce w dniach jest czynny w nast\u0119puj\u0105cych godzinach:<\/div>                <\/div>\n            <\/div>\n        <\/div>\n    <\/div>\n<\/section>\n\n<section class=\"wp-core-block wp-core-block--table\"><div class=\"container\"><div class=\"row\"><div class=\"col-12\">\n<figure class=\"wp-block-table is-style-stripes\"><table class=\"has-fixed-layout\"><tbody><tr><td>poniedzia\u0142ek<\/td><td>nieczynne<\/td><\/tr><tr><td>wtorek<\/td><td>09.30-16.00<\/td><\/tr><tr><td>\u015broda<\/td><td>nieczynne<\/td><\/tr><tr><td>czwartek<\/td><td>09.30-16.00<\/td><\/tr><tr><td>pi\u0105tek<\/td><td>11.30-18.30<\/td><\/tr><tr><td>sobota<\/td><td>09.00-15.00<\/td><\/tr><tr><td>niedziela<\/td><td>09.00-12.00<\/td><\/tr><\/tbody><\/table><\/figure>\n<\/div><\/div><\/div><\/section>\n\n<section class=\"wp-core-block wp-core-block--paragraph\"><div class=\"container\"><div class=\"row\"><div class=\"col-12\">\n<p><\/p>\n<\/div><\/div><\/div><\/section>","protected":false},"author":9,"parent":0,"menu_order":0,"template":"","meta":{"_acf_changed":true},"waznekomunikaty_cpt_tags":[47,80],"class_list":["post-34998","waznekomunikaty_cpt","type-waznekomunikaty_cpt","status-publish","hentry","waznekomunikaty_cpt_tags-dziekanat","waznekomunikaty_cpt_tags-godziny-pracy"],"acf":{"alert_on":false,"alert_filter_tag_select":false,"alert_filter_by_tag":[],"modalComunicatHeader_blog":"","modalComunicatHeader_link":null,"awarded_post":true},"yoast_head":"<!-- This site is optimized with the Yoast SEO plugin v27.2 - https:\/\/yoast.com\/product\/yoast-seo-wordpress\/ -->\n<title>Godziny pracy Dziekanatu w RA 2025\/2026 - WSTI<\/title>\n<meta name=\"robots\" content=\"index, follow, max-snippet:-1, max-image-preview:large, max-video-preview:-1\" \/>\n<link rel=\"canonical\" href=\"https:\/\/www.wsti.pl\/godziny-pracy-dziekanatu-w-dniach-01-25-09-2025\/\" \/>\n<meta property=\"og:locale\" content=\"ru_RU\" \/>\n<meta property=\"og:type\" content=\"article\" \/>\n<meta property=\"og:title\" content=\"Godziny pracy Dziekanatu w RA 2025\/2026 - WSTI\" \/>\n<meta property=\"og:description\" content=\"poniedzia\u0142ek nieczynne wtorek 09.30-16.00 \u015broda nieczynne czwartek 09.30-16.00 pi\u0105tek 11.30-18.30 sobota 09.00-15.00 niedziela 09.00-12.00\" \/>\n<meta property=\"og:url\" content=\"https:\/\/www.wsti.pl\/godziny-pracy-dziekanatu-w-dniach-01-25-09-2025\/\" \/>\n<meta property=\"og:site_name\" content=\"WSTI\" \/>\n<meta property=\"article:modified_time\" content=\"2025-10-28T07:28:01+00:00\" \/>\n<meta name=\"twitter:card\" content=\"summary_large_image\" \/>\n<meta name=\"twitter:label1\" content=\"\u041f\u0440\u0438\u043c\u0435\u0440\u043d\u043e\u0435 \u0432\u0440\u0435\u043c\u044f \u0434\u043b\u044f \u0447\u0442\u0435\u043d\u0438\u044f\" \/>\n\t<meta name=\"twitter:data1\" content=\"1 \u043c\u0438\u043d\u0443\u0442\u0430\" \/>\n<script type=\"application\/ld+json\" class=\"yoast-schema-graph\">{\"@context\":\"https:\/\/schema.org\",\"@graph\":[{\"@type\":\"WebPage\",\"@id\":\"https:\/\/www.wsti.pl\/godziny-pracy-dziekanatu-w-dniach-01-25-09-2025\/\",\"url\":\"https:\/\/www.wsti.pl\/godziny-pracy-dziekanatu-w-dniach-01-25-09-2025\/\",\"name\":\"Godziny pracy Dziekanatu w RA 2025\/2026 - WSTI\",\"isPartOf\":{\"@id\":\"https:\/\/www.wsti.pl\/#website\"},\"datePublished\":\"2025-09-26T08:25:23+00:00\",\"dateModified\":\"2025-10-28T07:28:01+00:00\",\"breadcrumb\":{\"@id\":\"https:\/\/www.wsti.pl\/godziny-pracy-dziekanatu-w-dniach-01-25-09-2025\/#breadcrumb\"},\"inLanguage\":\"ru-RU\",\"potentialAction\":[{\"@type\":\"ReadAction\",\"target\":[\"https:\/\/www.wsti.pl\/godziny-pracy-dziekanatu-w-dniach-01-25-09-2025\/\"]}]},{\"@type\":\"BreadcrumbList\",\"@id\":\"https:\/\/www.wsti.pl\/godziny-pracy-dziekanatu-w-dniach-01-25-09-2025\/#breadcrumb\",\"itemListElement\":[{\"@type\":\"ListItem\",\"position\":1,\"name\":\"Strona g\u0142\u00f3wna\",\"item\":\"https:\/\/www.wsti.pl\/ru\/\"},{\"@type\":\"ListItem\",\"position\":2,\"name\":\"Godziny pracy Dziekanatu w RA 2025\/2026\"}]},{\"@type\":\"WebSite\",\"@id\":\"https:\/\/www.wsti.pl\/#website\",\"url\":\"https:\/\/www.wsti.pl\/\",\"name\":\"WSTI\",\"description\":\"Wy\u017csza Szko\u0142a Technologii Informatycznych w Katowicach\",\"potentialAction\":[{\"@type\":\"SearchAction\",\"target\":{\"@type\":\"EntryPoint\",\"urlTemplate\":\"https:\/\/www.wsti.pl\/?s={search_term_string}\"},\"query-input\":{\"@type\":\"PropertyValueSpecification\",\"valueRequired\":true,\"valueName\":\"search_term_string\"}}],\"inLanguage\":\"ru-RU\"}]}<\/script>\n<!-- \/ Yoast SEO plugin. -->","yoast_head_json":{"title":"Godziny pracy Dziekanatu w RA 2025\/2026 - WSTI","robots":{"index":"index","follow":"follow","max-snippet":"max-snippet:-1","max-image-preview":"max-image-preview:large","max-video-preview":"max-video-preview:-1"},"canonical":"https:\/\/www.wsti.pl\/godziny-pracy-dziekanatu-w-dniach-01-25-09-2025\/","og_locale":"ru_RU","og_type":"article","og_title":"Godziny pracy Dziekanatu w RA 2025\/2026 - WSTI","og_description":"poniedzia\u0142ek nieczynne wtorek 09.30-16.00 \u015broda nieczynne czwartek 09.30-16.00 pi\u0105tek 11.30-18.30 sobota 09.00-15.00 niedziela 09.00-12.00","og_url":"https:\/\/www.wsti.pl\/godziny-pracy-dziekanatu-w-dniach-01-25-09-2025\/","og_site_name":"WSTI","article_modified_time":"2025-10-28T07:28:01+00:00","twitter_card":"summary_large_image","twitter_misc":{"\u041f\u0440\u0438\u043c\u0435\u0440\u043d\u043e\u0435 \u0432\u0440\u0435\u043c\u044f \u0434\u043b\u044f \u0447\u0442\u0435\u043d\u0438\u044f":"1 \u043c\u0438\u043d\u0443\u0442\u0430"},"schema":{"@context":"https:\/\/schema.org","@graph":[{"@type":"WebPage","@id":"https:\/\/www.wsti.pl\/godziny-pracy-dziekanatu-w-dniach-01-25-09-2025\/","url":"https:\/\/www.wsti.pl\/godziny-pracy-dziekanatu-w-dniach-01-25-09-2025\/","name":"Godziny pracy Dziekanatu w RA 2025\/2026 - WSTI","isPartOf":{"@id":"https:\/\/www.wsti.pl\/#website"},"datePublished":"2025-09-26T08:25:23+00:00","dateModified":"2025-10-28T07:28:01+00:00","breadcrumb":{"@id":"https:\/\/www.wsti.pl\/godziny-pracy-dziekanatu-w-dniach-01-25-09-2025\/#breadcrumb"},"inLanguage":"ru-RU","potentialAction":[{"@type":"ReadAction","target":["https:\/\/www.wsti.pl\/godziny-pracy-dziekanatu-w-dniach-01-25-09-2025\/"]}]},{"@type":"BreadcrumbList","@id":"https:\/\/www.wsti.pl\/godziny-pracy-dziekanatu-w-dniach-01-25-09-2025\/#breadcrumb","itemListElement":[{"@type":"ListItem","position":1,"name":"Strona g\u0142\u00f3wna","item":"https:\/\/www.wsti.pl\/ru\/"},{"@type":"ListItem","position":2,"name":"Godziny pracy Dziekanatu w RA 2025\/2026"}]},{"@type":"WebSite","@id":"https:\/\/www.wsti.pl\/#website","url":"https:\/\/www.wsti.pl\/","name":"WSTI","description":"Wy\u017csza Szko\u0142a Technologii Informatycznych w Katowicach","potentialAction":[{"@type":"SearchAction","target":{"@type":"EntryPoint","urlTemplate":"https:\/\/www.wsti.pl\/?s={search_term_string}"},"query-input":{"@type":"PropertyValueSpecification","valueRequired":true,"valueName":"search_term_string"}}],"inLanguage":"ru-RU"}]}},"_links":{"self":[{"href":"https:\/\/www.wsti.pl\/ru\/wp-json\/wp\/v2\/waznekomunikaty_cpt\/34998","targetHints":{"allow":["GET"]}}],"collection":[{"href":"https:\/\/www.wsti.pl\/ru\/wp-json\/wp\/v2\/waznekomunikaty_cpt"}],"about":[{"href":"https:\/\/www.wsti.pl\/ru\/wp-json\/wp\/v2\/types\/waznekomunikaty_cpt"}],"author":[{"embeddable":true,"href":"https:\/\/www.wsti.pl\/ru\/wp-json\/wp\/v2\/users\/9"}],"wp:attachment":[{"href":"https:\/\/www.wsti.pl\/ru\/wp-json\/wp\/v2\/media?parent=34998"}],"wp:term":[{"taxonomy":"waznekomunikaty_cpt_tags","embeddable":true,"href":"https:\/\/www.wsti.pl\/ru\/wp-json\/wp\/v2\/waznekomunikaty_cpt_tags?post=34998"}],"curies":[{"name":"wp","href":"https:\/\/api.w.org\/{rel}","templated":true}]}}

<section class="textSimplePhrase  ">
    <div class="container">
        <div class="row">
            <div class="col-12">
                <div class="textSimplePhrase__inner">
                    <div class="text text--1">Uprzejmie informujemy, że w dniach jest czynny w następujących godzinach:</div>                </div>
            </div>
        </div>
    </div>
</section>

<section class="wp-core-block wp-core-block--table"><div class="container"><div class="row"><div class="col-12">
<figure class="wp-block-table is-style-stripes"><table class="has-fixed-layout"><tbody><tr><td>poniedziałek</td><td>nieczynne</td></tr><tr><td>wtorek</td><td>09.30-16.00</td></tr><tr><td>środa</td><td>nieczynne</td></tr><tr><td>czwartek</td><td>09.30-16.00</td></tr><tr><td>piątek</td><td>11.30-18.30</td></tr><tr><td>sobota</td><td>09.00-15.00</td></tr><tr><td>niedziela</td><td>09.00-12.00</td></tr></tbody></table></figure>
</div></div></div></section>

<section class="wp-core-block wp-core-block--paragraph"><div class="container"><div class="row"><div class="col-12">
<p></p>
</div></div></div></section>

<!-- This site is optimized with the Yoast SEO plugin v27.2 - https://yoast.com/product/yoast-seo-wordpress/ -->
<title>Godziny pracy Dziekanatu w RA 2025/2026 - WSTI</title>
<meta name="robots" content="index, follow, max-snippet:-1, max-image-preview:large, max-video-preview:-1" />
<link rel="canonical" href="https://www.wsti.pl/godziny-pracy-dziekanatu-w-dniach-01-25-09-2025/" />
<meta property="og:locale" content="ru_RU" />
<meta property="og:type" content="article" />
<meta property="og:title" content="Godziny pracy Dziekanatu w RA 2025/2026 - WSTI" />
<meta property="og:description" content="poniedziałek nieczynne wtorek 09.30-16.00 środa nieczynne czwartek 09.30-16.00 piątek 11.30-18.30 sobota 09.00-15.00 niedziela 09.00-12.00" />
<meta property="og:url" content="https://www.wsti.pl/godziny-pracy-dziekanatu-w-dniach-01-25-09-2025/" />
<meta property="og:site_name" content="WSTI" />
<meta property="article:modified_time" content="2025-10-28T07:28:01+00:00" />
<meta name="twitter:card" content="summary_large_image" />
<meta name="twitter:label1" content="Примерное время для чтения" />
	<meta name="twitter:data1" content="1 минута" />
<script type="application/ld+json" class="yoast-schema-graph">{"@context":"https://schema.org","@graph":[{"@type":"WebPage","@id":"https://www.wsti.pl/godziny-pracy-dziekanatu-w-dniach-01-25-09-2025/","url":"https://www.wsti.pl/godziny-pracy-dziekanatu-w-dniach-01-25-09-2025/","name":"Godziny pracy Dziekanatu w RA 2025/2026 - WSTI","isPartOf":{"@id":"https://www.wsti.pl/#website"},"datePublished":"2025-09-26T08:25:23+00:00","dateModified":"2025-10-28T07:28:01+00:00","breadcrumb":{"@id":"https://www.wsti.pl/godziny-pracy-dziekanatu-w-dniach-01-25-09-2025/#breadcrumb"},"inLanguage":"ru-RU","potentialAction":[{"@type":"ReadAction","target":["https://www.wsti.pl/godziny-pracy-dziekanatu-w-dniach-01-25-09-2025/"]}]},{"@type":"BreadcrumbList","@id":"https://www.wsti.pl/godziny-pracy-dziekanatu-w-dniach-01-25-09-2025/#breadcrumb","itemListElement":[{"@type":"ListItem","position":1,"name":"Strona główna","item":"https://www.wsti.pl/ru/"},{"@type":"ListItem","position":2,"name":"Godziny pracy Dziekanatu w RA 2025/2026"}]},{"@type":"WebSite","@id":"https://www.wsti.pl/#website","url":"https://www.wsti.pl/","name":"WSTI","description":"Wyższa Szkoła Technologii Informatycznych w Katowicach","potentialAction":[{"@type":"SearchAction","target":{"@type":"EntryPoint","urlTemplate":"https://www.wsti.pl/?s={search_term_string}"},"query-input":{"@type":"PropertyValueSpecification","valueRequired":true,"valueName":"search_term_string"}}],"inLanguage":"ru-RU"}]}</script>
<!-- / Yoast SEO plugin. -->

poniedziałek nieczynne wtorek 09.30-16.00 środa nieczynne czwartek 09.30-16.00 piątek 11.30-18.30 sobota 09.00-15.00 niedziela 09.00-12.00

1 минута

Strona główna

Wyższa Szkoła Technologii Informatycznych w Katowicach
