{"id":27137,"date":"2024-10-22T15:19:32","date_gmt":"2024-10-22T13:19:32","guid":{"rendered":"https:\/\/www.wsti.pl\/?post_type=wydarzenia_cpt&#038;p=27137"},"modified":"2024-11-13T13:23:46","modified_gmt":"2024-11-13T12:23:46","slug":"miedzynarodowy-dzien-animacji-w-wsti","status":"publish","type":"wydarzenia_cpt","link":"https:\/\/www.wsti.pl\/ru\/miedzynarodowy-dzien-animacji-w-wsti\/","title":{"rendered":"Mi\u0119dzynarodowy Dzie\u0144 Animacji w WSTI"},"content":{"rendered":"<section class=\"textBlock textBlock--0 \">\n    <div class=\"tbc\">\n        <div class=\"container\">\n            <div class=\"row\">\n                                    <div class=\"col-12\">\n                                        <div class=\"tbc__imageBox\">\n                    <img decoding=\"async\" src=\"https:\/\/www.wsti.pl\/wp-content\/uploads\/2024\/10\/Animation-Joy-SM.jpg\" alt=\"\" \/>\n                <\/div>\n                                                                <h5 class=\"title title--5 color--neutral-black tbc__title2\">Szanowni Studenci<\/h5>                                                                            <div class=\"text text--2 color--neutral-black tbc__desc\"><p>Wy\u017csza Szko\u0142a Technologii Informatycznych<span data-offset-key=\"b42b2-0-0\"> wraz z organizatorami <strong>festiwalu O!pla (Og\u00f3lnopolski Niezale\u017cny Festiwal Animacji)<\/strong> zaprasza na program 12 film\u00f3w animowanych zrealizowanych przez studentki i student\u00f3w z uczelni artystycznych w Chinach, Chorwacji, Indiach, Iranie, Japonii i USA. <\/span><\/p>\n<p>&nbsp;<\/p>\n<p><span data-offset-key=\"b42b2-0-0\">Filmy zosta\u0142y wybrane przez Ginger Tontaveetong, Fereshteh Shakib i Valentasa Askinisa i bra\u0142y udzia\u0142 w pierwszej edycji\u00a0 ASIFA STUDENT AWARD 2024 (ostatecznie g\u0142\u00f3wn\u0105 nagrod\u0119 zdoby\u0142a w tym roku Nikolina \u017dab\u010di\u0107 z Akademii Sztuk Pi\u0119knych w Zagrzebiu za\u00a0 &#171;Love is a Color&#187;). Program wy\u015bwietlany b\u0119dzie w ramach obchod\u00f3w Mi\u0119dzynarodowego Dnia Animacji.<br \/>\n<\/span><\/p>\n<p>&nbsp;<\/p>\n<p>Seanse odb\u0119d\u0105 si\u0119 <strong>28 i 29.10 o 10:00 i 12:00 w auli WSTI<\/strong>. Ca\u0142y program trwa 74&#8242; i ma angielskie napisy.<\/p>\n<p>&nbsp;<\/p>\n<p>Studenci b\u0119d\u0105 mie\u0107 mo\u017cliwo\u015b\u0107 oceny film\u00f3w za pomoc\u0105 formularza oceny film\u00f3w online, przyznaj\u0105c punkty 1-5. W efekcie \u2014 na zako\u0144czenie wszystkich og\u00f3lnopolskich projekcji, czyli w grudniu \u2014 przyznana b\u0119dzie Nagroda Polskich Student\u00f3w<\/p>\n<p>&nbsp;<\/p>\n<p>Serdecznie zapraszamy!<\/p>\n<\/div>                                                                    <\/div>\n                                                                                                            <\/div>\n        <\/div>\n    <\/div>\n<\/section>\n\n\n<section class=\"photo-block\">\n    <div class=\"container\">\n        <div class=\"row\">\n\n                            <div class=\"col-12\">\n                    <div class=\"photo-block__picture\">\n                                                    <img decoding=\"async\" src=\"https:\/\/www.wsti.pl\/wp-content\/uploads\/2024\/10\/Bill-Plympton-Asifa-poster-v2.jpg\" alt=\"\" \/>\n                                            <\/div>\n                                    <\/div>\n            \n            <\/section>","protected":false},"author":9,"parent":0,"menu_order":0,"template":"","meta":{"_acf_changed":true},"wydarzenia_cpt_tags":[27],"class_list":["post-27137","wydarzenia_cpt","type-wydarzenia_cpt","status-publish","hentry","wydarzenia_cpt_tags-wydarzenie-wsti"],"acf":{"alert_on":false,"alert_filter_tag_select":false,"alert_filter_by_tag":[],"modalComunicatHeader_blog":"","modalComunicatHeader_link":null,"date_event_post":"20241028","awarded_post":false},"yoast_head":"<!-- This site is optimized with the Yoast SEO plugin v27.2 - https:\/\/yoast.com\/product\/yoast-seo-wordpress\/ -->\n<title>Mi\u0119dzynarodowy Dzie\u0144 Animacji w WSTI - WSTI<\/title>\n<meta name=\"robots\" content=\"index, follow, max-snippet:-1, max-image-preview:large, max-video-preview:-1\" \/>\n<link rel=\"canonical\" href=\"https:\/\/www.wsti.pl\/miedzynarodowy-dzien-animacji-w-wsti\/\" \/>\n<meta property=\"og:locale\" content=\"ru_RU\" \/>\n<meta property=\"og:type\" content=\"article\" \/>\n<meta property=\"og:title\" content=\"Mi\u0119dzynarodowy Dzie\u0144 Animacji w WSTI - WSTI\" \/>\n<meta property=\"og:url\" content=\"https:\/\/www.wsti.pl\/miedzynarodowy-dzien-animacji-w-wsti\/\" \/>\n<meta property=\"og:site_name\" content=\"WSTI\" \/>\n<meta property=\"article:modified_time\" content=\"2024-11-13T12:23:46+00:00\" \/>\n<meta name=\"twitter:card\" content=\"summary_large_image\" \/>\n<script type=\"application\/ld+json\" class=\"yoast-schema-graph\">{\"@context\":\"https:\/\/schema.org\",\"@graph\":[{\"@type\":\"WebPage\",\"@id\":\"https:\/\/www.wsti.pl\/miedzynarodowy-dzien-animacji-w-wsti\/\",\"url\":\"https:\/\/www.wsti.pl\/miedzynarodowy-dzien-animacji-w-wsti\/\",\"name\":\"Mi\u0119dzynarodowy Dzie\u0144 Animacji w WSTI - WSTI\",\"isPartOf\":{\"@id\":\"https:\/\/www.wsti.pl\/#website\"},\"datePublished\":\"2024-10-22T13:19:32+00:00\",\"dateModified\":\"2024-11-13T12:23:46+00:00\",\"breadcrumb\":{\"@id\":\"https:\/\/www.wsti.pl\/miedzynarodowy-dzien-animacji-w-wsti\/#breadcrumb\"},\"inLanguage\":\"ru-RU\",\"potentialAction\":[{\"@type\":\"ReadAction\",\"target\":[\"https:\/\/www.wsti.pl\/miedzynarodowy-dzien-animacji-w-wsti\/\"]}]},{\"@type\":\"BreadcrumbList\",\"@id\":\"https:\/\/www.wsti.pl\/miedzynarodowy-dzien-animacji-w-wsti\/#breadcrumb\",\"itemListElement\":[{\"@type\":\"ListItem\",\"position\":1,\"name\":\"Strona g\u0142\u00f3wna\",\"item\":\"https:\/\/www.wsti.pl\/ru\/\"},{\"@type\":\"ListItem\",\"position\":2,\"name\":\"Mi\u0119dzynarodowy Dzie\u0144 Animacji w WSTI\"}]},{\"@type\":\"WebSite\",\"@id\":\"https:\/\/www.wsti.pl\/#website\",\"url\":\"https:\/\/www.wsti.pl\/\",\"name\":\"WSTI\",\"description\":\"Wy\u017csza Szko\u0142a Technologii Informatycznych w Katowicach\",\"potentialAction\":[{\"@type\":\"SearchAction\",\"target\":{\"@type\":\"EntryPoint\",\"urlTemplate\":\"https:\/\/www.wsti.pl\/?s={search_term_string}\"},\"query-input\":{\"@type\":\"PropertyValueSpecification\",\"valueRequired\":true,\"valueName\":\"search_term_string\"}}],\"inLanguage\":\"ru-RU\"}]}<\/script>\n<!-- \/ Yoast SEO plugin. -->","yoast_head_json":{"title":"Mi\u0119dzynarodowy Dzie\u0144 Animacji w WSTI - WSTI","robots":{"index":"index","follow":"follow","max-snippet":"max-snippet:-1","max-image-preview":"max-image-preview:large","max-video-preview":"max-video-preview:-1"},"canonical":"https:\/\/www.wsti.pl\/miedzynarodowy-dzien-animacji-w-wsti\/","og_locale":"ru_RU","og_type":"article","og_title":"Mi\u0119dzynarodowy Dzie\u0144 Animacji w WSTI - WSTI","og_url":"https:\/\/www.wsti.pl\/miedzynarodowy-dzien-animacji-w-wsti\/","og_site_name":"WSTI","article_modified_time":"2024-11-13T12:23:46+00:00","twitter_card":"summary_large_image","schema":{"@context":"https:\/\/schema.org","@graph":[{"@type":"WebPage","@id":"https:\/\/www.wsti.pl\/miedzynarodowy-dzien-animacji-w-wsti\/","url":"https:\/\/www.wsti.pl\/miedzynarodowy-dzien-animacji-w-wsti\/","name":"Mi\u0119dzynarodowy Dzie\u0144 Animacji w WSTI - WSTI","isPartOf":{"@id":"https:\/\/www.wsti.pl\/#website"},"datePublished":"2024-10-22T13:19:32+00:00","dateModified":"2024-11-13T12:23:46+00:00","breadcrumb":{"@id":"https:\/\/www.wsti.pl\/miedzynarodowy-dzien-animacji-w-wsti\/#breadcrumb"},"inLanguage":"ru-RU","potentialAction":[{"@type":"ReadAction","target":["https:\/\/www.wsti.pl\/miedzynarodowy-dzien-animacji-w-wsti\/"]}]},{"@type":"BreadcrumbList","@id":"https:\/\/www.wsti.pl\/miedzynarodowy-dzien-animacji-w-wsti\/#breadcrumb","itemListElement":[{"@type":"ListItem","position":1,"name":"Strona g\u0142\u00f3wna","item":"https:\/\/www.wsti.pl\/ru\/"},{"@type":"ListItem","position":2,"name":"Mi\u0119dzynarodowy Dzie\u0144 Animacji w WSTI"}]},{"@type":"WebSite","@id":"https:\/\/www.wsti.pl\/#website","url":"https:\/\/www.wsti.pl\/","name":"WSTI","description":"Wy\u017csza Szko\u0142a Technologii Informatycznych w Katowicach","potentialAction":[{"@type":"SearchAction","target":{"@type":"EntryPoint","urlTemplate":"https:\/\/www.wsti.pl\/?s={search_term_string}"},"query-input":{"@type":"PropertyValueSpecification","valueRequired":true,"valueName":"search_term_string"}}],"inLanguage":"ru-RU"}]}},"_links":{"self":[{"href":"https:\/\/www.wsti.pl\/ru\/wp-json\/wp\/v2\/wydarzenia_cpt\/27137","targetHints":{"allow":["GET"]}}],"collection":[{"href":"https:\/\/www.wsti.pl\/ru\/wp-json\/wp\/v2\/wydarzenia_cpt"}],"about":[{"href":"https:\/\/www.wsti.pl\/ru\/wp-json\/wp\/v2\/types\/wydarzenia_cpt"}],"author":[{"embeddable":true,"href":"https:\/\/www.wsti.pl\/ru\/wp-json\/wp\/v2\/users\/9"}],"wp:attachment":[{"href":"https:\/\/www.wsti.pl\/ru\/wp-json\/wp\/v2\/media?parent=27137"}],"wp:term":[{"taxonomy":"wydarzenia_cpt_tags","embeddable":true,"href":"https:\/\/www.wsti.pl\/ru\/wp-json\/wp\/v2\/wydarzenia_cpt_tags?post=27137"}],"curies":[{"name":"wp","href":"https:\/\/api.w.org\/{rel}","templated":true}]}}

Międzynarodowy Dzień Animacji w WSTI

<section class="textBlock textBlock--0 ">
    <div class="tbc">
        <div class="container">
            <div class="row">
                                    <div class="col-12">
                                        <div class="tbc__imageBox">
                    <img decoding="async" src="https://www.wsti.pl/wp-content/uploads/2024/10/Animation-Joy-SM.jpg" alt="" />
                </div>
                                                                <h5 class="title title--5 color--neutral-black tbc__title2">Szanowni Studenci</h5>                                                                            <div class="text text--2 color--neutral-black tbc__desc"><p>Wyższa Szkoła Technologii Informatycznych<span data-offset-key="b42b2-0-0"> wraz z organizatorami <strong>festiwalu O!pla (Ogólnopolski Niezależny Festiwal Animacji)</strong> zaprasza na program 12 filmów animowanych zrealizowanych przez studentki i studentów z uczelni artystycznych w Chinach, Chorwacji, Indiach, Iranie, Japonii i USA. </span></p>
<p>&nbsp;</p>
<p><span data-offset-key="b42b2-0-0">Filmy zostały wybrane przez Ginger Tontaveetong, Fereshteh Shakib i Valentasa Askinisa i brały udział w pierwszej edycji  ASIFA STUDENT AWARD 2024 (ostatecznie główną nagrodę zdobyła w tym roku Nikolina Žabčić z Akademii Sztuk Pięknych w Zagrzebiu za  &#171;Love is a Color&#187;). Program wyświetlany będzie w ramach obchodów Międzynarodowego Dnia Animacji.<br />
</span></p>
<p>&nbsp;</p>
<p>Seanse odbędą się <strong>28 i 29.10 o 10:00 i 12:00 w auli WSTI</strong>. Cały program trwa 74&#8242; i ma angielskie napisy.</p>
<p>&nbsp;</p>
<p>Studenci będą mieć możliwość oceny filmów za pomocą formularza oceny filmów online, przyznając punkty 1-5. W efekcie — na zakończenie wszystkich ogólnopolskich projekcji, czyli w grudniu — przyznana będzie Nagroda Polskich Studentów</p>
<p>&nbsp;</p>
<p>Serdecznie zapraszamy!</p>
</div>                                                                    </div>
                                                                                                            </div>
        </div>
    </div>
</section>


<section class="photo-block">
    <div class="container">
        <div class="row">

                            <div class="col-12">
                    <div class="photo-block__picture">
                                                    <img decoding="async" src="https://www.wsti.pl/wp-content/uploads/2024/10/Bill-Plympton-Asifa-poster-v2.jpg" alt="" />
                                            </div>
                                    </div>
            
            </section>

<!-- This site is optimized with the Yoast SEO plugin v27.2 - https://yoast.com/product/yoast-seo-wordpress/ -->
<title>Międzynarodowy Dzień Animacji w WSTI - WSTI</title>
<meta name="robots" content="index, follow, max-snippet:-1, max-image-preview:large, max-video-preview:-1" />
<link rel="canonical" href="https://www.wsti.pl/miedzynarodowy-dzien-animacji-w-wsti/" />
<meta property="og:locale" content="ru_RU" />
<meta property="og:type" content="article" />
<meta property="og:title" content="Międzynarodowy Dzień Animacji w WSTI - WSTI" />
<meta property="og:url" content="https://www.wsti.pl/miedzynarodowy-dzien-animacji-w-wsti/" />
<meta property="og:site_name" content="WSTI" />
<meta property="article:modified_time" content="2024-11-13T12:23:46+00:00" />
<meta name="twitter:card" content="summary_large_image" />
<script type="application/ld+json" class="yoast-schema-graph">{"@context":"https://schema.org","@graph":[{"@type":"WebPage","@id":"https://www.wsti.pl/miedzynarodowy-dzien-animacji-w-wsti/","url":"https://www.wsti.pl/miedzynarodowy-dzien-animacji-w-wsti/","name":"Międzynarodowy Dzień Animacji w WSTI - WSTI","isPartOf":{"@id":"https://www.wsti.pl/#website"},"datePublished":"2024-10-22T13:19:32+00:00","dateModified":"2024-11-13T12:23:46+00:00","breadcrumb":{"@id":"https://www.wsti.pl/miedzynarodowy-dzien-animacji-w-wsti/#breadcrumb"},"inLanguage":"ru-RU","potentialAction":[{"@type":"ReadAction","target":["https://www.wsti.pl/miedzynarodowy-dzien-animacji-w-wsti/"]}]},{"@type":"BreadcrumbList","@id":"https://www.wsti.pl/miedzynarodowy-dzien-animacji-w-wsti/#breadcrumb","itemListElement":[{"@type":"ListItem","position":1,"name":"Strona główna","item":"https://www.wsti.pl/ru/"},{"@type":"ListItem","position":2,"name":"Międzynarodowy Dzień Animacji w WSTI"}]},{"@type":"WebSite","@id":"https://www.wsti.pl/#website","url":"https://www.wsti.pl/","name":"WSTI","description":"Wyższa Szkoła Technologii Informatycznych w Katowicach","potentialAction":[{"@type":"SearchAction","target":{"@type":"EntryPoint","urlTemplate":"https://www.wsti.pl/?s={search_term_string}"},"query-input":{"@type":"PropertyValueSpecification","valueRequired":true,"valueName":"search_term_string"}}],"inLanguage":"ru-RU"}]}</script>
<!-- / Yoast SEO plugin. -->

Międzynarodowy Dzień Animacji w WSTI - WSTI

Strona główna

Wyższa Szkoła Technologii Informatycznych w Katowicach
