{"id":31886,"date":"2025-04-10T09:51:51","date_gmt":"2025-04-10T07:51:51","guid":{"rendered":"https:\/\/www.wsti.pl\/?post_type=wydarzenia_cpt&#038;p=31886"},"modified":"2025-04-10T11:32:47","modified_gmt":"2025-04-10T09:32:47","slug":"wspolna-inicjatywa-wsti-i-nowego-partnera-mostostal-zabrze-nieruchomosci-plener-fotograficzny-w-gliwicach","status":"publish","type":"wydarzenia_cpt","link":"https:\/\/www.wsti.pl\/ru\/wspolna-inicjatywa-wsti-i-nowego-partnera-mostostal-zabrze-nieruchomosci-plener-fotograficzny-w-gliwicach\/","title":{"rendered":"Plener fotograficzny w Gliwicach \u2013 wsp\u00f3lna inicjatywa WSTI i nowego partnera (Mostostal Zabrze Nieruchomo\u015bci)"},"content":{"rendered":"<section class=\"textSimpleHeader   \">\n    <div class=\"container\">\n        <div class=\"row\">\n            <div class=\"col-12\">\n                <div class=\"textSimpleHeader__inner\">\n                    <h5 class=\"title title--5\">W najbli\u017csz\u0105 sobot\u0119, 12 kwietnia o godz. 10.00, odb\u0119dzie si\u0119 plener fotograficzny dla student\u00f3w  pierwszego roku grafiki organizowany w ramach przygotowa\u0144 do wydarzenia \u201eArchitektura z klas\u0105\u201d, upami\u0119tniaj\u0105cego 200. rocznic\u0119 urodzin Salomona Lubowskiego \u2013 wybitnego architekta zwi\u0105zanego z histori\u0105 Gliwic.<\/h5>                <\/div>\n            <\/div>\n        <\/div>\n    <\/div>\n<\/section>\n\n<section class=\"textBlock textBlock--2 \">\n    <div class=\"tbc\">\n        <div class=\"container\">\n            <div class=\"row\">\n                                                                    <div class=\"col-12 col-lg-6 textBlock__colLeft\">\n                        <div class=\"tbc__colLeft__inner\">\n                            <div class=\"text text--2 color--neutral-black tbc__colDesc\"><p>Plener jest efektem podpisanej umowy o wsp\u00f3\u0142pracy pomi\u0119dzy Mostostal Zabrze Nieruchomo\u015bci a Wy\u017csz\u0105 Szko\u0142\u0105 Technologii Informatycznych. To pierwsza wsp\u00f3lna inicjatywa tych instytucji, kt\u00f3rej celem jest m.in. promowanie dziedzictwa kulturowego Gliwic oraz integracja \u015brodowisk kreatywnych i akademickich.<\/p>\n<p>&nbsp;<\/p>\n<p>\ud83d\udccd Miejsce zbi\u00f3rki: BIPROHUT Stacja Gliwice<br \/>\n\ud83d\udd59 Godzina rozpocz\u0119cia: 10.00<br \/>\n\ud83d\udcc5 Data: Sobota, 12 kwietnia<\/p>\n<p>&nbsp;<\/p>\n<p><strong>Wystawa fotografii<\/strong><\/p>\n<p>&nbsp;<\/p>\n<p>Zdj\u0119cia wykonane podczas pleneru zostan\u0105 zaprezentowane podczas wystawy towarzysz\u0105cej wydarzeniu \u201eArchitektura z klas\u0105\u201d.<\/p>\n<p>&nbsp;<\/p>\n<p>Wi\u0119cej informacji o samym spacerze i wystawie ju\u017c wkr\u00f3tce! Zach\u0119camy do zaanga\u017cowania si\u0119 w to wydarzenie i wsp\u00f3lnego odkrywania bogatej historii gliwickiej architektury.<\/p>\n<p>&nbsp;<\/p>\n<p>Dzi\u0119kujemy <strong>Justynie Rybak (WSTI)<\/strong> oraz <strong>Piotrowi Podkockiemu (Bank Sztuki Gliwice)<\/strong> za ich zaanga\u017cowanie i wk\u0142ad w realizacj\u0119 tego wydarzenia!<\/p>\n<\/div>                        <\/div>\n                    <\/div>\n                    <div class=\"col-12 col-lg-6 textBlock__colRight\">\n                        <div class=\"tbc__colRight__inner\">\n                                            <div class=\"tbc__imageBox\">\n                    <img decoding=\"async\" src=\"https:\/\/www.wsti.pl\/wp-content\/uploads\/2025\/04\/studenci.jpg\" alt=\"\" \/>\n                <\/div>\n                \n                        <\/div>\n                    <\/div>\n                    <div class=\"col-12\">\n                                            <\/div>\n                                                                            <\/div>\n        <\/div>\n    <\/div>\n<\/section>\n\n\n<section class=\"photo-block\">\n    <div class=\"container\">\n        <div class=\"row\">\n\n                            <div class=\"col-12\">\n                    <div class=\"photo-block__picture\">\n                                                    <img decoding=\"async\" src=\"https:\/\/www.wsti.pl\/wp-content\/uploads\/2025\/04\/Plakaty-Spacer-architektura.jpg\" alt=\"\" \/>\n                                            <\/div>\n                                    <\/div>\n            \n            <\/section>","protected":false},"author":9,"parent":0,"menu_order":0,"template":"","meta":{"_acf_changed":true},"wydarzenia_cpt_tags":[79,78],"class_list":["post-31886","wydarzenia_cpt","type-wydarzenia_cpt","status-publish","hentry","wydarzenia_cpt_tags-grafika","wydarzenia_cpt_tags-plener"],"acf":{"alert_on":false,"alert_filter_tag_select":false,"alert_filter_by_tag":[],"modalComunicatHeader_blog":"","modalComunicatHeader_link":null,"date_event_post":"20250412","awarded_post":true},"yoast_head":"<!-- This site is optimized with the Yoast SEO plugin v27.2 - https:\/\/yoast.com\/product\/yoast-seo-wordpress\/ -->\n<title>Plener fotograficzny w Gliwicach \u2013 wsp\u00f3lna inicjatywa WSTI i nowego partnera (Mostostal Zabrze Nieruchomo\u015bci) - WSTI<\/title>\n<meta name=\"robots\" content=\"index, follow, max-snippet:-1, max-image-preview:large, max-video-preview:-1\" \/>\n<link rel=\"canonical\" href=\"https:\/\/www.wsti.pl\/wspolna-inicjatywa-wsti-i-nowego-partnera-mostostal-zabrze-nieruchomosci-plener-fotograficzny-w-gliwicach\/\" \/>\n<meta property=\"og:locale\" content=\"ru_RU\" \/>\n<meta property=\"og:type\" content=\"article\" \/>\n<meta property=\"og:title\" content=\"Plener fotograficzny w Gliwicach \u2013 wsp\u00f3lna inicjatywa WSTI i nowego partnera (Mostostal Zabrze Nieruchomo\u015bci) - WSTI\" \/>\n<meta property=\"og:url\" content=\"https:\/\/www.wsti.pl\/wspolna-inicjatywa-wsti-i-nowego-partnera-mostostal-zabrze-nieruchomosci-plener-fotograficzny-w-gliwicach\/\" \/>\n<meta property=\"og:site_name\" content=\"WSTI\" \/>\n<meta property=\"article:modified_time\" content=\"2025-04-10T09:32:47+00:00\" \/>\n<meta name=\"twitter:card\" content=\"summary_large_image\" \/>\n<script type=\"application\/ld+json\" class=\"yoast-schema-graph\">{\"@context\":\"https:\/\/schema.org\",\"@graph\":[{\"@type\":\"WebPage\",\"@id\":\"https:\/\/www.wsti.pl\/wspolna-inicjatywa-wsti-i-nowego-partnera-mostostal-zabrze-nieruchomosci-plener-fotograficzny-w-gliwicach\/\",\"url\":\"https:\/\/www.wsti.pl\/wspolna-inicjatywa-wsti-i-nowego-partnera-mostostal-zabrze-nieruchomosci-plener-fotograficzny-w-gliwicach\/\",\"name\":\"Plener fotograficzny w Gliwicach \u2013 wsp\u00f3lna inicjatywa WSTI i nowego partnera (Mostostal Zabrze Nieruchomo\u015bci) - WSTI\",\"isPartOf\":{\"@id\":\"https:\/\/www.wsti.pl\/#website\"},\"datePublished\":\"2025-04-10T07:51:51+00:00\",\"dateModified\":\"2025-04-10T09:32:47+00:00\",\"breadcrumb\":{\"@id\":\"https:\/\/www.wsti.pl\/wspolna-inicjatywa-wsti-i-nowego-partnera-mostostal-zabrze-nieruchomosci-plener-fotograficzny-w-gliwicach\/#breadcrumb\"},\"inLanguage\":\"ru-RU\",\"potentialAction\":[{\"@type\":\"ReadAction\",\"target\":[\"https:\/\/www.wsti.pl\/wspolna-inicjatywa-wsti-i-nowego-partnera-mostostal-zabrze-nieruchomosci-plener-fotograficzny-w-gliwicach\/\"]}]},{\"@type\":\"BreadcrumbList\",\"@id\":\"https:\/\/www.wsti.pl\/wspolna-inicjatywa-wsti-i-nowego-partnera-mostostal-zabrze-nieruchomosci-plener-fotograficzny-w-gliwicach\/#breadcrumb\",\"itemListElement\":[{\"@type\":\"ListItem\",\"position\":1,\"name\":\"Strona g\u0142\u00f3wna\",\"item\":\"https:\/\/www.wsti.pl\/ru\/\"},{\"@type\":\"ListItem\",\"position\":2,\"name\":\"Plener fotograficzny w Gliwicach \u2013 wsp\u00f3lna inicjatywa WSTI i nowego partnera (Mostostal Zabrze Nieruchomo\u015bci)\"}]},{\"@type\":\"WebSite\",\"@id\":\"https:\/\/www.wsti.pl\/#website\",\"url\":\"https:\/\/www.wsti.pl\/\",\"name\":\"WSTI\",\"description\":\"Wy\u017csza Szko\u0142a Technologii Informatycznych w Katowicach\",\"potentialAction\":[{\"@type\":\"SearchAction\",\"target\":{\"@type\":\"EntryPoint\",\"urlTemplate\":\"https:\/\/www.wsti.pl\/?s={search_term_string}\"},\"query-input\":{\"@type\":\"PropertyValueSpecification\",\"valueRequired\":true,\"valueName\":\"search_term_string\"}}],\"inLanguage\":\"ru-RU\"}]}<\/script>\n<!-- \/ Yoast SEO plugin. -->","yoast_head_json":{"title":"Plener fotograficzny w Gliwicach \u2013 wsp\u00f3lna inicjatywa WSTI i nowego partnera (Mostostal Zabrze Nieruchomo\u015bci) - WSTI","robots":{"index":"index","follow":"follow","max-snippet":"max-snippet:-1","max-image-preview":"max-image-preview:large","max-video-preview":"max-video-preview:-1"},"canonical":"https:\/\/www.wsti.pl\/wspolna-inicjatywa-wsti-i-nowego-partnera-mostostal-zabrze-nieruchomosci-plener-fotograficzny-w-gliwicach\/","og_locale":"ru_RU","og_type":"article","og_title":"Plener fotograficzny w Gliwicach \u2013 wsp\u00f3lna inicjatywa WSTI i nowego partnera (Mostostal Zabrze Nieruchomo\u015bci) - WSTI","og_url":"https:\/\/www.wsti.pl\/wspolna-inicjatywa-wsti-i-nowego-partnera-mostostal-zabrze-nieruchomosci-plener-fotograficzny-w-gliwicach\/","og_site_name":"WSTI","article_modified_time":"2025-04-10T09:32:47+00:00","twitter_card":"summary_large_image","schema":{"@context":"https:\/\/schema.org","@graph":[{"@type":"WebPage","@id":"https:\/\/www.wsti.pl\/wspolna-inicjatywa-wsti-i-nowego-partnera-mostostal-zabrze-nieruchomosci-plener-fotograficzny-w-gliwicach\/","url":"https:\/\/www.wsti.pl\/wspolna-inicjatywa-wsti-i-nowego-partnera-mostostal-zabrze-nieruchomosci-plener-fotograficzny-w-gliwicach\/","name":"Plener fotograficzny w Gliwicach \u2013 wsp\u00f3lna inicjatywa WSTI i nowego partnera (Mostostal Zabrze Nieruchomo\u015bci) - WSTI","isPartOf":{"@id":"https:\/\/www.wsti.pl\/#website"},"datePublished":"2025-04-10T07:51:51+00:00","dateModified":"2025-04-10T09:32:47+00:00","breadcrumb":{"@id":"https:\/\/www.wsti.pl\/wspolna-inicjatywa-wsti-i-nowego-partnera-mostostal-zabrze-nieruchomosci-plener-fotograficzny-w-gliwicach\/#breadcrumb"},"inLanguage":"ru-RU","potentialAction":[{"@type":"ReadAction","target":["https:\/\/www.wsti.pl\/wspolna-inicjatywa-wsti-i-nowego-partnera-mostostal-zabrze-nieruchomosci-plener-fotograficzny-w-gliwicach\/"]}]},{"@type":"BreadcrumbList","@id":"https:\/\/www.wsti.pl\/wspolna-inicjatywa-wsti-i-nowego-partnera-mostostal-zabrze-nieruchomosci-plener-fotograficzny-w-gliwicach\/#breadcrumb","itemListElement":[{"@type":"ListItem","position":1,"name":"Strona g\u0142\u00f3wna","item":"https:\/\/www.wsti.pl\/ru\/"},{"@type":"ListItem","position":2,"name":"Plener fotograficzny w Gliwicach \u2013 wsp\u00f3lna inicjatywa WSTI i nowego partnera (Mostostal Zabrze Nieruchomo\u015bci)"}]},{"@type":"WebSite","@id":"https:\/\/www.wsti.pl\/#website","url":"https:\/\/www.wsti.pl\/","name":"WSTI","description":"Wy\u017csza Szko\u0142a Technologii Informatycznych w Katowicach","potentialAction":[{"@type":"SearchAction","target":{"@type":"EntryPoint","urlTemplate":"https:\/\/www.wsti.pl\/?s={search_term_string}"},"query-input":{"@type":"PropertyValueSpecification","valueRequired":true,"valueName":"search_term_string"}}],"inLanguage":"ru-RU"}]}},"_links":{"self":[{"href":"https:\/\/www.wsti.pl\/ru\/wp-json\/wp\/v2\/wydarzenia_cpt\/31886","targetHints":{"allow":["GET"]}}],"collection":[{"href":"https:\/\/www.wsti.pl\/ru\/wp-json\/wp\/v2\/wydarzenia_cpt"}],"about":[{"href":"https:\/\/www.wsti.pl\/ru\/wp-json\/wp\/v2\/types\/wydarzenia_cpt"}],"author":[{"embeddable":true,"href":"https:\/\/www.wsti.pl\/ru\/wp-json\/wp\/v2\/users\/9"}],"wp:attachment":[{"href":"https:\/\/www.wsti.pl\/ru\/wp-json\/wp\/v2\/media?parent=31886"}],"wp:term":[{"taxonomy":"wydarzenia_cpt_tags","embeddable":true,"href":"https:\/\/www.wsti.pl\/ru\/wp-json\/wp\/v2\/wydarzenia_cpt_tags?post=31886"}],"curies":[{"name":"wp","href":"https:\/\/api.w.org\/{rel}","templated":true}]}}

Plener fotograficzny w Gliwicach – wspólna inicjatywa WSTI i nowego partnera (Mostostal Zabrze Nieruchomości)

<section class="textSimpleHeader   ">
    <div class="container">
        <div class="row">
            <div class="col-12">
                <div class="textSimpleHeader__inner">
                    <h5 class="title title--5">W najbliższą sobotę, 12 kwietnia o godz. 10.00, odbędzie się plener fotograficzny dla studentów  pierwszego roku grafiki organizowany w ramach przygotowań do wydarzenia „Architektura z klasą”, upamiętniającego 200. rocznicę urodzin Salomona Lubowskiego – wybitnego architekta związanego z historią Gliwic.</h5>                </div>
            </div>
        </div>
    </div>
</section>

<section class="textBlock textBlock--2 ">
    <div class="tbc">
        <div class="container">
            <div class="row">
                                                                    <div class="col-12 col-lg-6 textBlock__colLeft">
                        <div class="tbc__colLeft__inner">
                            <div class="text text--2 color--neutral-black tbc__colDesc"><p>Plener jest efektem podpisanej umowy o współpracy pomiędzy Mostostal Zabrze Nieruchomości a Wyższą Szkołą Technologii Informatycznych. To pierwsza wspólna inicjatywa tych instytucji, której celem jest m.in. promowanie dziedzictwa kulturowego Gliwic oraz integracja środowisk kreatywnych i akademickich.</p>
<p>&nbsp;</p>
<p>📍 Miejsce zbiórki: BIPROHUT Stacja Gliwice<br />
🕙 Godzina rozpoczęcia: 10.00<br />
📅 Data: Sobota, 12 kwietnia</p>
<p>&nbsp;</p>
<p><strong>Wystawa fotografii</strong></p>
<p>&nbsp;</p>
<p>Zdjęcia wykonane podczas pleneru zostaną zaprezentowane podczas wystawy towarzyszącej wydarzeniu „Architektura z klasą”.</p>
<p>&nbsp;</p>
<p>Więcej informacji o samym spacerze i wystawie już wkrótce! Zachęcamy do zaangażowania się w to wydarzenie i wspólnego odkrywania bogatej historii gliwickiej architektury.</p>
<p>&nbsp;</p>
<p>Dziękujemy <strong>Justynie Rybak (WSTI)</strong> oraz <strong>Piotrowi Podkockiemu (Bank Sztuki Gliwice)</strong> za ich zaangażowanie i wkład w realizację tego wydarzenia!</p>
</div>                        </div>
                    </div>
                    <div class="col-12 col-lg-6 textBlock__colRight">
                        <div class="tbc__colRight__inner">
                                            <div class="tbc__imageBox">
                    <img decoding="async" src="https://www.wsti.pl/wp-content/uploads/2025/04/studenci.jpg" alt="" />
                </div>
                
                        </div>
                    </div>
                    <div class="col-12">
                                            </div>
                                                                            </div>
        </div>
    </div>
</section>


<section class="photo-block">
    <div class="container">
        <div class="row">

                            <div class="col-12">
                    <div class="photo-block__picture">
                                                    <img decoding="async" src="https://www.wsti.pl/wp-content/uploads/2025/04/Plakaty-Spacer-architektura.jpg" alt="" />
                                            </div>
                                    </div>
            
            </section>

<!-- This site is optimized with the Yoast SEO plugin v27.2 - https://yoast.com/product/yoast-seo-wordpress/ -->
<title>Plener fotograficzny w Gliwicach – wspólna inicjatywa WSTI i nowego partnera (Mostostal Zabrze Nieruchomości) - WSTI</title>
<meta name="robots" content="index, follow, max-snippet:-1, max-image-preview:large, max-video-preview:-1" />
<link rel="canonical" href="https://www.wsti.pl/wspolna-inicjatywa-wsti-i-nowego-partnera-mostostal-zabrze-nieruchomosci-plener-fotograficzny-w-gliwicach/" />
<meta property="og:locale" content="ru_RU" />
<meta property="og:type" content="article" />
<meta property="og:title" content="Plener fotograficzny w Gliwicach – wspólna inicjatywa WSTI i nowego partnera (Mostostal Zabrze Nieruchomości) - WSTI" />
<meta property="og:url" content="https://www.wsti.pl/wspolna-inicjatywa-wsti-i-nowego-partnera-mostostal-zabrze-nieruchomosci-plener-fotograficzny-w-gliwicach/" />
<meta property="og:site_name" content="WSTI" />
<meta property="article:modified_time" content="2025-04-10T09:32:47+00:00" />
<meta name="twitter:card" content="summary_large_image" />
<script type="application/ld+json" class="yoast-schema-graph">{"@context":"https://schema.org","@graph":[{"@type":"WebPage","@id":"https://www.wsti.pl/wspolna-inicjatywa-wsti-i-nowego-partnera-mostostal-zabrze-nieruchomosci-plener-fotograficzny-w-gliwicach/","url":"https://www.wsti.pl/wspolna-inicjatywa-wsti-i-nowego-partnera-mostostal-zabrze-nieruchomosci-plener-fotograficzny-w-gliwicach/","name":"Plener fotograficzny w Gliwicach – wspólna inicjatywa WSTI i nowego partnera (Mostostal Zabrze Nieruchomości) - WSTI","isPartOf":{"@id":"https://www.wsti.pl/#website"},"datePublished":"2025-04-10T07:51:51+00:00","dateModified":"2025-04-10T09:32:47+00:00","breadcrumb":{"@id":"https://www.wsti.pl/wspolna-inicjatywa-wsti-i-nowego-partnera-mostostal-zabrze-nieruchomosci-plener-fotograficzny-w-gliwicach/#breadcrumb"},"inLanguage":"ru-RU","potentialAction":[{"@type":"ReadAction","target":["https://www.wsti.pl/wspolna-inicjatywa-wsti-i-nowego-partnera-mostostal-zabrze-nieruchomosci-plener-fotograficzny-w-gliwicach/"]}]},{"@type":"BreadcrumbList","@id":"https://www.wsti.pl/wspolna-inicjatywa-wsti-i-nowego-partnera-mostostal-zabrze-nieruchomosci-plener-fotograficzny-w-gliwicach/#breadcrumb","itemListElement":[{"@type":"ListItem","position":1,"name":"Strona główna","item":"https://www.wsti.pl/ru/"},{"@type":"ListItem","position":2,"name":"Plener fotograficzny w Gliwicach – wspólna inicjatywa WSTI i nowego partnera (Mostostal Zabrze Nieruchomości)"}]},{"@type":"WebSite","@id":"https://www.wsti.pl/#website","url":"https://www.wsti.pl/","name":"WSTI","description":"Wyższa Szkoła Technologii Informatycznych w Katowicach","potentialAction":[{"@type":"SearchAction","target":{"@type":"EntryPoint","urlTemplate":"https://www.wsti.pl/?s={search_term_string}"},"query-input":{"@type":"PropertyValueSpecification","valueRequired":true,"valueName":"search_term_string"}}],"inLanguage":"ru-RU"}]}</script>
<!-- / Yoast SEO plugin. -->

Plener fotograficzny w Gliwicach – wspólna inicjatywa WSTI i nowego partnera (Mostostal Zabrze Nieruchomości) - WSTI

Strona główna

Wyższa Szkoła Technologii Informatycznych w Katowicach
