{"id":37790,"date":"2025-11-13T15:31:18","date_gmt":"2025-11-13T14:31:18","guid":{"rendered":"https:\/\/www.wsti.pl\/?post_type=wydarzenia_cpt&#038;p=37790"},"modified":"2025-11-19T12:40:07","modified_gmt":"2025-11-19T11:40:07","slug":"zapraszamy-na-dni-otwarte-grafiki-w-wsti","status":"publish","type":"wydarzenia_cpt","link":"https:\/\/www.wsti.pl\/ru\/zapraszamy-na-dni-otwarte-grafiki-w-wsti\/","title":{"rendered":"Zapraszamy na Dni otwarte Grafiki w WSTi!"},"content":{"rendered":"\n<section class=\"textWithIcons textWithIcons--0 \">\n    <div class=\"tbc\">   \n        <div class=\"container\">\n            <div class=\"row\">\n                                    <div class=\"col-12\">\n                        <h5 class=\"title title--5 color--neutral-black tbc__subTitle\">Jak Grafika \u2013 to tylko w Wy\u017cszej Szkole Technologii Informatycznych w Katowicach. We\u017a udzia\u0142 w wyj\u0105tkowych dniach otwartych i przekonaj si\u0119 sam, jak studiuje si\u0119 w najwy\u017cszej, specjalistycznej uczelni techniczno-artystycznej na \u015al\u0105sku.<\/h5><div class=\"text text--2 color--neutral-black tbc__desc\"><p>Pos\u0142uchaj wyk\u0142adu eksperta na temat j\u0119zyka komunikacji filmowej, spr\u00f3buj swoich si\u0142 w warsztatach fotograficznych, malarskich i rysunkowych stw\u00f3rz kreatywny kola\u017c oraz zaprojektuj w\u0142asny piktogram.<\/p>\n<p><strong>Wydarzenie odb\u0119dzie si\u0119 w pi\u0105tek, 21 listopada 2025 r. w siedzibie WSTi w Katowicach, ul. Mickiewicza 29.<\/strong><\/p>\n<p>Dni otwarte Grafiki przeznaczone dla uczni\u00f3w szk\u00f3\u0142 \u015brednich klas maturalnych i przedmaturalnych o profilu zwi\u0105zanym z szeroko poj\u0119t\u0105 sztuk\u0105. Obiecujemy, \u017ce nie b\u0119dziemy Ci opowiada\u0107 dlaczego warto studiowa\u0107 na naszej uczelni, zamiast tego postaramy si\u0119 \u017ceby\u015b poczu\u0142 atmosfer\u0119 studiowania i dosta\u0142 wycinek konkretnej wiedzy, kt\u00f3r\u0105 przekazujemy naszym studentom.<\/p>\n<p>&nbsp;<\/p>\n<p>Dzi\u0119ki udzia\u0142owi w wyk\u0142adach i warsztatach b\u0119dziesz m\u00f3g\u0142 skonfrontowa\u0107 swoje wyobra\u017cenia dotycz\u0105ce uczelni i kierunk\u00f3w z rzeczywisto\u015bci\u0105, zada\u0107 pytania wyk\u0142adowcom i w lu\u017anej atmosferze porozmawia\u0107 ze studentami WSTi.<\/p>\n<p>&nbsp;<\/p>\n<p>B\u0119dziesz mia\u0142 niepowtarzaln\u0105 okazj\u0119 wzi\u0105\u0107 udzia\u0142 w wyk\u0142adzie Jacka Szara\u0144skiego pt. \u201eFilm jako magiczny \u015bwiat postaci, obraz\u00f3w i sytuacji \u2013 j\u0119zyk komunikacji filmowej\u201d oraz w dw\u00f3ch wybranych przez siebie warsztatach z zakresu rysunku, fotografii, malarstwa, kola\u017cu, piktogramu lub filmu.<\/p>\n<p>&nbsp;<\/p>\n<p><strong>Na zako\u0144czenie wydarzenia, dla wszystkich ch\u0119tnych, odb\u0119dzie si\u0119 gala filmowa, podczas kt\u00f3rej zaprezentowane zostan\u0105 filmy autorstwa student\u00f3w WSTI. Wyk\u0142ad i warsztaty zaplanowane s\u0105 w godz. 9.00\u201314.30, o godz. 15.00 odb\u0119dzie si\u0119 pokaz animacji, natomiast gala rozpocznie si\u0119 o godz. 16.00.<\/strong><\/p>\n<p>&nbsp;<\/p>\n<p>Na wszystkie zaj\u0119cia obowi\u0105zuj\u0105 zapisy \u2014 prosimy o zg\u0142oszenie ca\u0142ej klasy wraz z opiekunem\/nauczycielem.<\/p>\n<p>&nbsp;<\/p>\n<p>Uprzejmie informujemy, \u017ce ze wzgl\u0119du na praktyczny charakter warsztat\u00f3w liczba miejsc jest ograniczona, a o udziale decyduje kolejno\u015b\u0107 zg\u0142osze\u0144.<\/p>\n<p>&nbsp;<\/p>\n<p>Zapis\u00f3w prosimy dokonywa\u0107 drog\u0105 mailow\u0105:<strong> katarzyna.uroda@wsti.pl<\/strong> lub telefonicznie: <strong>(32) 207 27 01<\/strong>.<\/p>\n<\/div>                    <\/div>\n                                                                                                                                                                                                \n            <\/div>\n        <\/div>\n    <\/div>\n\n<\/section>\n\n<section class=\"photo-block\">\n    <div class=\"container\">\n        <div class=\"row\">\n\n            \n                                                                                                <div class=\"col-12 col-md-6\">\n                                    <div class=\"photo-block__picture\">\n\n                                                                                    <img decoding=\"async\" src=\"https:\/\/www.wsti.pl\/wp-content\/uploads\/2025\/11\/Obszar-kompozycji-1.png\" alt=\"\" \/>\n                                                                                \n                                    <\/div>\n                                <\/div>\n                        \t                                <div class=\"col-12 col-md-6\">\n                                    <div class=\"photo-block__picture\">\n\n                                                                                    <img decoding=\"async\" src=\"https:\/\/www.wsti.pl\/wp-content\/uploads\/2025\/11\/Obszar-kompozycji-3.png\" alt=\"\" \/>\n                                                                                \n                                    <\/div>\n                                <\/div>\n                        \t                                    <\/section>","protected":false},"author":16,"parent":0,"menu_order":0,"template":"","meta":{"_acf_changed":false},"wydarzenia_cpt_tags":[],"class_list":["post-37790","wydarzenia_cpt","type-wydarzenia_cpt","status-publish","hentry"],"acf":{"alert_on":false,"alert_filter_tag_select":false,"alert_filter_by_tag":[],"modalComunicatHeader_blog":"","modalComunicatHeader_link":null,"date_event_post":"20251121","awarded_post":true},"yoast_head":"<!-- This site is optimized with the Yoast SEO plugin v27.2 - https:\/\/yoast.com\/product\/yoast-seo-wordpress\/ -->\n<title>Zapraszamy na Dni otwarte Grafiki w WSTi! - WSTI<\/title>\n<meta name=\"robots\" content=\"index, follow, max-snippet:-1, max-image-preview:large, max-video-preview:-1\" \/>\n<link rel=\"canonical\" href=\"https:\/\/www.wsti.pl\/zapraszamy-na-dni-otwarte-grafiki-w-wsti\/\" \/>\n<meta property=\"og:locale\" content=\"ru_RU\" \/>\n<meta property=\"og:type\" content=\"article\" \/>\n<meta property=\"og:title\" content=\"Zapraszamy na Dni otwarte Grafiki w WSTi! - WSTI\" \/>\n<meta property=\"og:url\" content=\"https:\/\/www.wsti.pl\/zapraszamy-na-dni-otwarte-grafiki-w-wsti\/\" \/>\n<meta property=\"og:site_name\" content=\"WSTI\" \/>\n<meta property=\"article:modified_time\" content=\"2025-11-19T11:40:07+00:00\" \/>\n<meta name=\"twitter:card\" content=\"summary_large_image\" \/>\n<script type=\"application\/ld+json\" class=\"yoast-schema-graph\">{\"@context\":\"https:\/\/schema.org\",\"@graph\":[{\"@type\":\"WebPage\",\"@id\":\"https:\/\/www.wsti.pl\/zapraszamy-na-dni-otwarte-grafiki-w-wsti\/\",\"url\":\"https:\/\/www.wsti.pl\/zapraszamy-na-dni-otwarte-grafiki-w-wsti\/\",\"name\":\"Zapraszamy na Dni otwarte Grafiki w WSTi! - WSTI\",\"isPartOf\":{\"@id\":\"https:\/\/www.wsti.pl\/#website\"},\"datePublished\":\"2025-11-13T14:31:18+00:00\",\"dateModified\":\"2025-11-19T11:40:07+00:00\",\"breadcrumb\":{\"@id\":\"https:\/\/www.wsti.pl\/zapraszamy-na-dni-otwarte-grafiki-w-wsti\/#breadcrumb\"},\"inLanguage\":\"ru-RU\",\"potentialAction\":[{\"@type\":\"ReadAction\",\"target\":[\"https:\/\/www.wsti.pl\/zapraszamy-na-dni-otwarte-grafiki-w-wsti\/\"]}]},{\"@type\":\"BreadcrumbList\",\"@id\":\"https:\/\/www.wsti.pl\/zapraszamy-na-dni-otwarte-grafiki-w-wsti\/#breadcrumb\",\"itemListElement\":[{\"@type\":\"ListItem\",\"position\":1,\"name\":\"Strona g\u0142\u00f3wna\",\"item\":\"https:\/\/www.wsti.pl\/ru\/\"},{\"@type\":\"ListItem\",\"position\":2,\"name\":\"Zapraszamy na Dni otwarte Grafiki w WSTi!\"}]},{\"@type\":\"WebSite\",\"@id\":\"https:\/\/www.wsti.pl\/#website\",\"url\":\"https:\/\/www.wsti.pl\/\",\"name\":\"WSTI\",\"description\":\"Wy\u017csza Szko\u0142a Technologii Informatycznych w Katowicach\",\"potentialAction\":[{\"@type\":\"SearchAction\",\"target\":{\"@type\":\"EntryPoint\",\"urlTemplate\":\"https:\/\/www.wsti.pl\/?s={search_term_string}\"},\"query-input\":{\"@type\":\"PropertyValueSpecification\",\"valueRequired\":true,\"valueName\":\"search_term_string\"}}],\"inLanguage\":\"ru-RU\"}]}<\/script>\n<!-- \/ Yoast SEO plugin. -->","yoast_head_json":{"title":"Zapraszamy na Dni otwarte Grafiki w WSTi! - WSTI","robots":{"index":"index","follow":"follow","max-snippet":"max-snippet:-1","max-image-preview":"max-image-preview:large","max-video-preview":"max-video-preview:-1"},"canonical":"https:\/\/www.wsti.pl\/zapraszamy-na-dni-otwarte-grafiki-w-wsti\/","og_locale":"ru_RU","og_type":"article","og_title":"Zapraszamy na Dni otwarte Grafiki w WSTi! - WSTI","og_url":"https:\/\/www.wsti.pl\/zapraszamy-na-dni-otwarte-grafiki-w-wsti\/","og_site_name":"WSTI","article_modified_time":"2025-11-19T11:40:07+00:00","twitter_card":"summary_large_image","schema":{"@context":"https:\/\/schema.org","@graph":[{"@type":"WebPage","@id":"https:\/\/www.wsti.pl\/zapraszamy-na-dni-otwarte-grafiki-w-wsti\/","url":"https:\/\/www.wsti.pl\/zapraszamy-na-dni-otwarte-grafiki-w-wsti\/","name":"Zapraszamy na Dni otwarte Grafiki w WSTi! - WSTI","isPartOf":{"@id":"https:\/\/www.wsti.pl\/#website"},"datePublished":"2025-11-13T14:31:18+00:00","dateModified":"2025-11-19T11:40:07+00:00","breadcrumb":{"@id":"https:\/\/www.wsti.pl\/zapraszamy-na-dni-otwarte-grafiki-w-wsti\/#breadcrumb"},"inLanguage":"ru-RU","potentialAction":[{"@type":"ReadAction","target":["https:\/\/www.wsti.pl\/zapraszamy-na-dni-otwarte-grafiki-w-wsti\/"]}]},{"@type":"BreadcrumbList","@id":"https:\/\/www.wsti.pl\/zapraszamy-na-dni-otwarte-grafiki-w-wsti\/#breadcrumb","itemListElement":[{"@type":"ListItem","position":1,"name":"Strona g\u0142\u00f3wna","item":"https:\/\/www.wsti.pl\/ru\/"},{"@type":"ListItem","position":2,"name":"Zapraszamy na Dni otwarte Grafiki w WSTi!"}]},{"@type":"WebSite","@id":"https:\/\/www.wsti.pl\/#website","url":"https:\/\/www.wsti.pl\/","name":"WSTI","description":"Wy\u017csza Szko\u0142a Technologii Informatycznych w Katowicach","potentialAction":[{"@type":"SearchAction","target":{"@type":"EntryPoint","urlTemplate":"https:\/\/www.wsti.pl\/?s={search_term_string}"},"query-input":{"@type":"PropertyValueSpecification","valueRequired":true,"valueName":"search_term_string"}}],"inLanguage":"ru-RU"}]}},"_links":{"self":[{"href":"https:\/\/www.wsti.pl\/ru\/wp-json\/wp\/v2\/wydarzenia_cpt\/37790","targetHints":{"allow":["GET"]}}],"collection":[{"href":"https:\/\/www.wsti.pl\/ru\/wp-json\/wp\/v2\/wydarzenia_cpt"}],"about":[{"href":"https:\/\/www.wsti.pl\/ru\/wp-json\/wp\/v2\/types\/wydarzenia_cpt"}],"author":[{"embeddable":true,"href":"https:\/\/www.wsti.pl\/ru\/wp-json\/wp\/v2\/users\/16"}],"wp:attachment":[{"href":"https:\/\/www.wsti.pl\/ru\/wp-json\/wp\/v2\/media?parent=37790"}],"wp:term":[{"taxonomy":"wydarzenia_cpt_tags","embeddable":true,"href":"https:\/\/www.wsti.pl\/ru\/wp-json\/wp\/v2\/wydarzenia_cpt_tags?post=37790"}],"curies":[{"name":"wp","href":"https:\/\/api.w.org\/{rel}","templated":true}]}}

<section class="textWithIcons textWithIcons--0 ">
    <div class="tbc">   
        <div class="container">
            <div class="row">
                                    <div class="col-12">
                        <h5 class="title title--5 color--neutral-black tbc__subTitle">Jak Grafika – to tylko w Wyższej Szkole Technologii Informatycznych w Katowicach. Weź udział w wyjątkowych dniach otwartych i przekonaj się sam, jak studiuje się w najwyższej, specjalistycznej uczelni techniczno-artystycznej na Śląsku.</h5><div class="text text--2 color--neutral-black tbc__desc"><p>Posłuchaj wykładu eksperta na temat języka komunikacji filmowej, spróbuj swoich sił w warsztatach fotograficznych, malarskich i rysunkowych stwórz kreatywny kolaż oraz zaprojektuj własny piktogram.</p>
<p><strong>Wydarzenie odbędzie się w piątek, 21 listopada 2025 r. w siedzibie WSTi w Katowicach, ul. Mickiewicza 29.</strong></p>
<p>Dni otwarte Grafiki przeznaczone dla uczniów szkół średnich klas maturalnych i przedmaturalnych o profilu związanym z szeroko pojętą sztuką. Obiecujemy, że nie będziemy Ci opowiadać dlaczego warto studiować na naszej uczelni, zamiast tego postaramy się żebyś poczuł atmosferę studiowania i dostał wycinek konkretnej wiedzy, którą przekazujemy naszym studentom.</p>
<p>&nbsp;</p>
<p>Dzięki udziałowi w wykładach i warsztatach będziesz mógł skonfrontować swoje wyobrażenia dotyczące uczelni i kierunków z rzeczywistością, zadać pytania wykładowcom i w luźnej atmosferze porozmawiać ze studentami WSTi.</p>
<p>&nbsp;</p>
<p>Będziesz miał niepowtarzalną okazję wziąć udział w wykładzie Jacka Szarańskiego pt. „Film jako magiczny świat postaci, obrazów i sytuacji – język komunikacji filmowej” oraz w dwóch wybranych przez siebie warsztatach z zakresu rysunku, fotografii, malarstwa, kolażu, piktogramu lub filmu.</p>
<p>&nbsp;</p>
<p><strong>Na zakończenie wydarzenia, dla wszystkich chętnych, odbędzie się gala filmowa, podczas której zaprezentowane zostaną filmy autorstwa studentów WSTI. Wykład i warsztaty zaplanowane są w godz. 9.00–14.30, o godz. 15.00 odbędzie się pokaz animacji, natomiast gala rozpocznie się o godz. 16.00.</strong></p>
<p>&nbsp;</p>
<p>Na wszystkie zajęcia obowiązują zapisy — prosimy o zgłoszenie całej klasy wraz z opiekunem/nauczycielem.</p>
<p>&nbsp;</p>
<p>Uprzejmie informujemy, że ze względu na praktyczny charakter warsztatów liczba miejsc jest ograniczona, a o udziale decyduje kolejność zgłoszeń.</p>
<p>&nbsp;</p>
<p>Zapisów prosimy dokonywać drogą mailową:<strong> katarzyna.uroda@wsti.pl</strong> lub telefonicznie: <strong>(32) 207 27 01</strong>.</p>
</div>                    </div>
                                                                                                                                                                                                
            </div>
        </div>
    </div>

</section>

<section class="photo-block">
    <div class="container">
        <div class="row">

            
                                                                                                <div class="col-12 col-md-6">
                                    <div class="photo-block__picture">

                                                                                    <img decoding="async" src="https://www.wsti.pl/wp-content/uploads/2025/11/Obszar-kompozycji-1.png" alt="" />
                                                                                
                                    </div>
                                </div>
                        	                                <div class="col-12 col-md-6">
                                    <div class="photo-block__picture">

                                                                                    <img decoding="async" src="https://www.wsti.pl/wp-content/uploads/2025/11/Obszar-kompozycji-3.png" alt="" />
                                                                                
                                    </div>
                                </div>
                        	                                    </section>

<!-- This site is optimized with the Yoast SEO plugin v27.2 - https://yoast.com/product/yoast-seo-wordpress/ -->
<title>Zapraszamy na Dni otwarte Grafiki w WSTi! - WSTI</title>
<meta name="robots" content="index, follow, max-snippet:-1, max-image-preview:large, max-video-preview:-1" />
<link rel="canonical" href="https://www.wsti.pl/zapraszamy-na-dni-otwarte-grafiki-w-wsti/" />
<meta property="og:locale" content="ru_RU" />
<meta property="og:type" content="article" />
<meta property="og:title" content="Zapraszamy na Dni otwarte Grafiki w WSTi! - WSTI" />
<meta property="og:url" content="https://www.wsti.pl/zapraszamy-na-dni-otwarte-grafiki-w-wsti/" />
<meta property="og:site_name" content="WSTI" />
<meta property="article:modified_time" content="2025-11-19T11:40:07+00:00" />
<meta name="twitter:card" content="summary_large_image" />
<script type="application/ld+json" class="yoast-schema-graph">{"@context":"https://schema.org","@graph":[{"@type":"WebPage","@id":"https://www.wsti.pl/zapraszamy-na-dni-otwarte-grafiki-w-wsti/","url":"https://www.wsti.pl/zapraszamy-na-dni-otwarte-grafiki-w-wsti/","name":"Zapraszamy na Dni otwarte Grafiki w WSTi! - WSTI","isPartOf":{"@id":"https://www.wsti.pl/#website"},"datePublished":"2025-11-13T14:31:18+00:00","dateModified":"2025-11-19T11:40:07+00:00","breadcrumb":{"@id":"https://www.wsti.pl/zapraszamy-na-dni-otwarte-grafiki-w-wsti/#breadcrumb"},"inLanguage":"ru-RU","potentialAction":[{"@type":"ReadAction","target":["https://www.wsti.pl/zapraszamy-na-dni-otwarte-grafiki-w-wsti/"]}]},{"@type":"BreadcrumbList","@id":"https://www.wsti.pl/zapraszamy-na-dni-otwarte-grafiki-w-wsti/#breadcrumb","itemListElement":[{"@type":"ListItem","position":1,"name":"Strona główna","item":"https://www.wsti.pl/ru/"},{"@type":"ListItem","position":2,"name":"Zapraszamy na Dni otwarte Grafiki w WSTi!"}]},{"@type":"WebSite","@id":"https://www.wsti.pl/#website","url":"https://www.wsti.pl/","name":"WSTI","description":"Wyższa Szkoła Technologii Informatycznych w Katowicach","potentialAction":[{"@type":"SearchAction","target":{"@type":"EntryPoint","urlTemplate":"https://www.wsti.pl/?s={search_term_string}"},"query-input":{"@type":"PropertyValueSpecification","valueRequired":true,"valueName":"search_term_string"}}],"inLanguage":"ru-RU"}]}</script>
<!-- / Yoast SEO plugin. -->

Strona główna

Wyższa Szkoła Technologii Informatycznych w Katowicach
