{"id":29797,"date":"2025-03-10T13:29:59","date_gmt":"2025-03-10T12:29:59","guid":{"rendered":"https:\/\/www.wsti.pl\/?post_type=wydarzenia_cpt&#038;p=29797"},"modified":"2025-03-10T13:30:35","modified_gmt":"2025-03-10T12:30:35","slug":"wystawa-pracy-licencjackiej-kacpra-zimnego-pod-tytulem-7-grzechow","status":"publish","type":"wydarzenia_cpt","link":"https:\/\/www.wsti.pl\/uk\/wystawa-pracy-licencjackiej-kacpra-zimnego-pod-tytulem-7-grzechow\/","title":{"rendered":"Wystawa pracy licencjackiej Kacpra Zimnego pod tytu\u0142em \u201e7 grzech\u00f3w\u201d"},"content":{"rendered":"\n<section class=\"textWithIcons textWithIcons--0 \">\n    <div class=\"tbc\">   \n        <div class=\"container\">\n            <div class=\"row\">\n                                    <div class=\"col-12\">\n                        <h5 class=\"title title--5 color--neutral-black tbc__subTitle\">Serdecznie zapraszamy na wystaw\u0119 dyplomow\u0105 studenta grafiki, Kacpra Zimnego, kt\u00f3ra b\u0119dzie trwa\u0107 od 15 do 22 marca w Mie\u015bcie Ogrod\u00f3w w Katowicach.<\/h5><div class=\"text text--2 color--neutral-black tbc__desc\"><p><strong>Tytu\u0142 pracy licencjackiej:<\/strong> \u201e7 grzech\u00f3w g\u0142\u00f3wnych jako plakaty z autorskimi fotografiami\u201d.<br \/>\n<strong>Promotorka:<\/strong> Agata Szymanek<\/p>\n<p>&nbsp;<\/p>\n<p>Projekt polega\u0142 na stworzeniu serii plakat\u00f3w, kt\u00f3re przedstawiaj\u0105 grzechy w spos\u00f3b subtelny. Ka\u017cdy plakat ma form\u0119 dwustronn\u0105. Na jednej stronie widnieje portret osoby w jej naturalnej postaci, bez wyra\u017anych cech wskazuj\u0105cych na jakiekolwiek negatywne cechy charakteru. Na odwrocie ka\u017cdego znajduje si\u0119 fotografia tej samej osoby, ale w kontek\u015bcie, kt\u00f3ry nawi\u0105zuje do jednego z grzech\u00f3w g\u0142\u00f3wnych, ukazuj\u0105c go w spos\u00f3b niedos\u0142owny i symboliczny.<\/p>\n<p>&nbsp;<\/p>\n<p>Celem projektu jest to, aby widzowie zatrzymali si\u0119 nad tymi obrazami i zacz\u0119li zastanawia\u0107 nad g\u0142\u0119bszym przes\u0142aniem. Grzechy nie s\u0105 przedstawione w spos\u00f3b dos\u0142owny, ale w formie, kt\u00f3rej staram si\u0119 zmusi\u0107 ogl\u0105daj\u0105cych do spojrzenia na nie z innej perspektywy, daj\u0105c odbiorcom przestrze\u0144 do indywidualnej interpretacji.<\/p>\n<p>&nbsp;<\/p>\n<p>Kilka s\u0142\u00f3w od autora:<\/p>\n<p><em>Jestem studentem Wy\u017cszej Szko\u0142y Technologii Informatycznych w Katowicach i zapraszam Was na moj\u0105 wystaw\u0119 pracy licencjackiej!<\/em><br \/>\n<em>Jak wygl\u0105da grzech, gdy nie wida\u0107 go na pierwszy rzut oka? M\u00f3j projekt to seria plakat\u00f3w ukazuj\u0105cych dwie strony ka\u017cdej osoby \u2013 to, co widoczne, i to, co ukryte.<\/em><br \/>\n<em>Im d\u0142u\u017cej patrzysz, tym wi\u0119cej dostrzegasz\u2026 A mo\u017ce to, co ukryte, wcale nie jest tak ukryte?<\/em><\/p>\n<p>&nbsp;<\/p>\n<p><strong>Przyjd\u017a i zobacz, czy uda Ci si\u0119 odkry\u0107 to, co niewidoczne na pierwszy rzut oka. Do zobaczenia!<\/strong><\/p>\n<p>&nbsp;<\/p>\n<\/div><div class=\"tbc__fullList tbc__fullList--big\">                    <div class=\"tbc__fullList__box\">\n                        <div class=\"tbc__fullList__box__ico\">\n                                                            <img decoding=\"async\" src=\"https:\/\/www.wsti.pl\/wp-content\/uploads\/2023\/11\/iconscalendar-todo-line-colorred.svg\" alt=\"\" \/>\n                                                    <\/div>\n                        <div class=\"tbc__fullList__box__content\">\n                                                            <div class=\"text text--2 text--bold color--neutral-black\"><p><strong>15\u201322 marca 2025<\/strong><\/p>\n<\/div>\n                                                                                                            <\/div>\n                    <\/div>\n                                    <div class=\"tbc__fullList__box\">\n                        <div class=\"tbc__fullList__box__ico\">\n                                                            <img decoding=\"async\" src=\"https:\/\/www.wsti.pl\/wp-content\/uploads\/2023\/11\/iconsmap-pin-2-line-colorred.svg\" alt=\"\" \/>\n                                                    <\/div>\n                        <div class=\"tbc__fullList__box__content\">\n                                                            <div class=\"text text--2 text--bold color--neutral-black\"><p><strong>Miasto Ogrod\u00f3w, Katowice<\/strong><\/p>\n<\/div>\n                                                                                                            <\/div>\n                    <\/div>\n                <\/div>                    <\/div>\n                                                                                                                                                                                                \n            <\/div>\n        <\/div>\n    <\/div>\n\n<\/section>\n\n<section class=\"photo-block\">\n    <div class=\"container\">\n        <div class=\"row\">\n\n                            <div class=\"col-12\">\n                    <div class=\"photo-block__picture\">\n                                                    <img decoding=\"async\" src=\"https:\/\/www.wsti.pl\/wp-content\/uploads\/2025\/03\/wystawa.png\" alt=\"\" \/>\n                                            <\/div>\n                                    <\/div>\n            \n            <\/section>","protected":false},"author":9,"parent":0,"menu_order":0,"template":"","meta":{"_acf_changed":true},"wydarzenia_cpt_tags":[],"class_list":["post-29797","wydarzenia_cpt","type-wydarzenia_cpt","status-publish","hentry"],"acf":{"alert_on":false,"alert_filter_tag_select":false,"alert_filter_by_tag":[],"modalComunicatHeader_blog":"","modalComunicatHeader_link":null,"date_event_post":"20250315","awarded_post":false},"yoast_head":"<!-- This site is optimized with the Yoast SEO plugin v27.2 - https:\/\/yoast.com\/product\/yoast-seo-wordpress\/ -->\n<title>Wystawa pracy licencjackiej Kacpra Zimnego pod tytu\u0142em \u201e7 grzech\u00f3w\u201d - WSTI<\/title>\n<meta name=\"robots\" content=\"index, follow, max-snippet:-1, max-image-preview:large, max-video-preview:-1\" \/>\n<link rel=\"canonical\" href=\"https:\/\/www.wsti.pl\/wystawa-pracy-licencjackiej-kacpra-zimnego-pod-tytulem-7-grzechow\/\" \/>\n<meta property=\"og:locale\" content=\"uk_UA\" \/>\n<meta property=\"og:type\" content=\"article\" \/>\n<meta property=\"og:title\" content=\"Wystawa pracy licencjackiej Kacpra Zimnego pod tytu\u0142em \u201e7 grzech\u00f3w\u201d - WSTI\" \/>\n<meta property=\"og:url\" content=\"https:\/\/www.wsti.pl\/wystawa-pracy-licencjackiej-kacpra-zimnego-pod-tytulem-7-grzechow\/\" \/>\n<meta property=\"og:site_name\" content=\"WSTI\" \/>\n<meta property=\"article:modified_time\" content=\"2025-03-10T12:30:35+00:00\" \/>\n<meta name=\"twitter:card\" content=\"summary_large_image\" \/>\n<script type=\"application\/ld+json\" class=\"yoast-schema-graph\">{\"@context\":\"https:\/\/schema.org\",\"@graph\":[{\"@type\":\"WebPage\",\"@id\":\"https:\/\/www.wsti.pl\/wystawa-pracy-licencjackiej-kacpra-zimnego-pod-tytulem-7-grzechow\/\",\"url\":\"https:\/\/www.wsti.pl\/wystawa-pracy-licencjackiej-kacpra-zimnego-pod-tytulem-7-grzechow\/\",\"name\":\"Wystawa pracy licencjackiej Kacpra Zimnego pod tytu\u0142em \u201e7 grzech\u00f3w\u201d - WSTI\",\"isPartOf\":{\"@id\":\"https:\/\/www.wsti.pl\/#website\"},\"datePublished\":\"2025-03-10T12:29:59+00:00\",\"dateModified\":\"2025-03-10T12:30:35+00:00\",\"breadcrumb\":{\"@id\":\"https:\/\/www.wsti.pl\/wystawa-pracy-licencjackiej-kacpra-zimnego-pod-tytulem-7-grzechow\/#breadcrumb\"},\"inLanguage\":\"uk\",\"potentialAction\":[{\"@type\":\"ReadAction\",\"target\":[\"https:\/\/www.wsti.pl\/wystawa-pracy-licencjackiej-kacpra-zimnego-pod-tytulem-7-grzechow\/\"]}]},{\"@type\":\"BreadcrumbList\",\"@id\":\"https:\/\/www.wsti.pl\/wystawa-pracy-licencjackiej-kacpra-zimnego-pod-tytulem-7-grzechow\/#breadcrumb\",\"itemListElement\":[{\"@type\":\"ListItem\",\"position\":1,\"name\":\"Strona g\u0142\u00f3wna\",\"item\":\"https:\/\/www.wsti.pl\/uk\/\"},{\"@type\":\"ListItem\",\"position\":2,\"name\":\"Wystawa pracy licencjackiej Kacpra Zimnego pod tytu\u0142em \u201e7 grzech\u00f3w\u201d\"}]},{\"@type\":\"WebSite\",\"@id\":\"https:\/\/www.wsti.pl\/#website\",\"url\":\"https:\/\/www.wsti.pl\/\",\"name\":\"WSTI\",\"description\":\"Wy\u017csza Szko\u0142a Technologii Informatycznych w Katowicach\",\"potentialAction\":[{\"@type\":\"SearchAction\",\"target\":{\"@type\":\"EntryPoint\",\"urlTemplate\":\"https:\/\/www.wsti.pl\/?s={search_term_string}\"},\"query-input\":{\"@type\":\"PropertyValueSpecification\",\"valueRequired\":true,\"valueName\":\"search_term_string\"}}],\"inLanguage\":\"uk\"}]}<\/script>\n<!-- \/ Yoast SEO plugin. -->","yoast_head_json":{"title":"Wystawa pracy licencjackiej Kacpra Zimnego pod tytu\u0142em \u201e7 grzech\u00f3w\u201d - WSTI","robots":{"index":"index","follow":"follow","max-snippet":"max-snippet:-1","max-image-preview":"max-image-preview:large","max-video-preview":"max-video-preview:-1"},"canonical":"https:\/\/www.wsti.pl\/wystawa-pracy-licencjackiej-kacpra-zimnego-pod-tytulem-7-grzechow\/","og_locale":"uk_UA","og_type":"article","og_title":"Wystawa pracy licencjackiej Kacpra Zimnego pod tytu\u0142em \u201e7 grzech\u00f3w\u201d - WSTI","og_url":"https:\/\/www.wsti.pl\/wystawa-pracy-licencjackiej-kacpra-zimnego-pod-tytulem-7-grzechow\/","og_site_name":"WSTI","article_modified_time":"2025-03-10T12:30:35+00:00","twitter_card":"summary_large_image","schema":{"@context":"https:\/\/schema.org","@graph":[{"@type":"WebPage","@id":"https:\/\/www.wsti.pl\/wystawa-pracy-licencjackiej-kacpra-zimnego-pod-tytulem-7-grzechow\/","url":"https:\/\/www.wsti.pl\/wystawa-pracy-licencjackiej-kacpra-zimnego-pod-tytulem-7-grzechow\/","name":"Wystawa pracy licencjackiej Kacpra Zimnego pod tytu\u0142em \u201e7 grzech\u00f3w\u201d - WSTI","isPartOf":{"@id":"https:\/\/www.wsti.pl\/#website"},"datePublished":"2025-03-10T12:29:59+00:00","dateModified":"2025-03-10T12:30:35+00:00","breadcrumb":{"@id":"https:\/\/www.wsti.pl\/wystawa-pracy-licencjackiej-kacpra-zimnego-pod-tytulem-7-grzechow\/#breadcrumb"},"inLanguage":"uk","potentialAction":[{"@type":"ReadAction","target":["https:\/\/www.wsti.pl\/wystawa-pracy-licencjackiej-kacpra-zimnego-pod-tytulem-7-grzechow\/"]}]},{"@type":"BreadcrumbList","@id":"https:\/\/www.wsti.pl\/wystawa-pracy-licencjackiej-kacpra-zimnego-pod-tytulem-7-grzechow\/#breadcrumb","itemListElement":[{"@type":"ListItem","position":1,"name":"Strona g\u0142\u00f3wna","item":"https:\/\/www.wsti.pl\/uk\/"},{"@type":"ListItem","position":2,"name":"Wystawa pracy licencjackiej Kacpra Zimnego pod tytu\u0142em \u201e7 grzech\u00f3w\u201d"}]},{"@type":"WebSite","@id":"https:\/\/www.wsti.pl\/#website","url":"https:\/\/www.wsti.pl\/","name":"WSTI","description":"Wy\u017csza Szko\u0142a Technologii Informatycznych w Katowicach","potentialAction":[{"@type":"SearchAction","target":{"@type":"EntryPoint","urlTemplate":"https:\/\/www.wsti.pl\/?s={search_term_string}"},"query-input":{"@type":"PropertyValueSpecification","valueRequired":true,"valueName":"search_term_string"}}],"inLanguage":"uk"}]}},"_links":{"self":[{"href":"https:\/\/www.wsti.pl\/uk\/wp-json\/wp\/v2\/wydarzenia_cpt\/29797","targetHints":{"allow":["GET"]}}],"collection":[{"href":"https:\/\/www.wsti.pl\/uk\/wp-json\/wp\/v2\/wydarzenia_cpt"}],"about":[{"href":"https:\/\/www.wsti.pl\/uk\/wp-json\/wp\/v2\/types\/wydarzenia_cpt"}],"author":[{"embeddable":true,"href":"https:\/\/www.wsti.pl\/uk\/wp-json\/wp\/v2\/users\/9"}],"wp:attachment":[{"href":"https:\/\/www.wsti.pl\/uk\/wp-json\/wp\/v2\/media?parent=29797"}],"wp:term":[{"taxonomy":"wydarzenia_cpt_tags","embeddable":true,"href":"https:\/\/www.wsti.pl\/uk\/wp-json\/wp\/v2\/wydarzenia_cpt_tags?post=29797"}],"curies":[{"name":"wp","href":"https:\/\/api.w.org\/{rel}","templated":true}]}}

Wystawa pracy licencjackiej Kacpra Zimnego pod tytułem „7 grzechów”

<section class="textWithIcons textWithIcons--0 ">
    <div class="tbc">   
        <div class="container">
            <div class="row">
                                    <div class="col-12">
                        <h5 class="title title--5 color--neutral-black tbc__subTitle">Serdecznie zapraszamy na wystawę dyplomową studenta grafiki, Kacpra Zimnego, która będzie trwać od 15 do 22 marca w Mieście Ogrodów w Katowicach.</h5><div class="text text--2 color--neutral-black tbc__desc"><p><strong>Tytuł pracy licencjackiej:</strong> „7 grzechów głównych jako plakaty z autorskimi fotografiami”.<br />
<strong>Promotorka:</strong> Agata Szymanek</p>
<p>&nbsp;</p>
<p>Projekt polegał na stworzeniu serii plakatów, które przedstawiają grzechy w sposób subtelny. Każdy plakat ma formę dwustronną. Na jednej stronie widnieje portret osoby w jej naturalnej postaci, bez wyraźnych cech wskazujących na jakiekolwiek negatywne cechy charakteru. Na odwrocie każdego znajduje się fotografia tej samej osoby, ale w kontekście, który nawiązuje do jednego z grzechów głównych, ukazując go w sposób niedosłowny i symboliczny.</p>
<p>&nbsp;</p>
<p>Celem projektu jest to, aby widzowie zatrzymali się nad tymi obrazami i zaczęli zastanawiać nad głębszym przesłaniem. Grzechy nie są przedstawione w sposób dosłowny, ale w formie, której staram się zmusić oglądających do spojrzenia na nie z innej perspektywy, dając odbiorcom przestrzeń do indywidualnej interpretacji.</p>
<p>&nbsp;</p>
<p>Kilka słów od autora:</p>
<p><em>Jestem studentem Wyższej Szkoły Technologii Informatycznych w Katowicach i zapraszam Was na moją wystawę pracy licencjackiej!</em><br />
<em>Jak wygląda grzech, gdy nie widać go na pierwszy rzut oka? Mój projekt to seria plakatów ukazujących dwie strony każdej osoby – to, co widoczne, i to, co ukryte.</em><br />
<em>Im dłużej patrzysz, tym więcej dostrzegasz… A może to, co ukryte, wcale nie jest tak ukryte?</em></p>
<p>&nbsp;</p>
<p><strong>Przyjdź i zobacz, czy uda Ci się odkryć to, co niewidoczne na pierwszy rzut oka. Do zobaczenia!</strong></p>
<p>&nbsp;</p>
</div><div class="tbc__fullList tbc__fullList--big">                    <div class="tbc__fullList__box">
                        <div class="tbc__fullList__box__ico">
                                                            <img decoding="async" src="https://www.wsti.pl/wp-content/uploads/2023/11/iconscalendar-todo-line-colorred.svg" alt="" />
                                                    </div>
                        <div class="tbc__fullList__box__content">
                                                            <div class="text text--2 text--bold color--neutral-black"><p><strong>15–22 marca 2025</strong></p>
</div>
                                                                                                            </div>
                    </div>
                                    <div class="tbc__fullList__box">
                        <div class="tbc__fullList__box__ico">
                                                            <img decoding="async" src="https://www.wsti.pl/wp-content/uploads/2023/11/iconsmap-pin-2-line-colorred.svg" alt="" />
                                                    </div>
                        <div class="tbc__fullList__box__content">
                                                            <div class="text text--2 text--bold color--neutral-black"><p><strong>Miasto Ogrodów, Katowice</strong></p>
</div>
                                                                                                            </div>
                    </div>
                </div>                    </div>
                                                                                                                                                                                                
            </div>
        </div>
    </div>

</section>

<section class="photo-block">
    <div class="container">
        <div class="row">

                            <div class="col-12">
                    <div class="photo-block__picture">
                                                    <img decoding="async" src="https://www.wsti.pl/wp-content/uploads/2025/03/wystawa.png" alt="" />
                                            </div>
                                    </div>
            
            </section>

<!-- This site is optimized with the Yoast SEO plugin v27.2 - https://yoast.com/product/yoast-seo-wordpress/ -->
<title>Wystawa pracy licencjackiej Kacpra Zimnego pod tytułem „7 grzechów” - WSTI</title>
<meta name="robots" content="index, follow, max-snippet:-1, max-image-preview:large, max-video-preview:-1" />
<link rel="canonical" href="https://www.wsti.pl/wystawa-pracy-licencjackiej-kacpra-zimnego-pod-tytulem-7-grzechow/" />
<meta property="og:locale" content="uk_UA" />
<meta property="og:type" content="article" />
<meta property="og:title" content="Wystawa pracy licencjackiej Kacpra Zimnego pod tytułem „7 grzechów” - WSTI" />
<meta property="og:url" content="https://www.wsti.pl/wystawa-pracy-licencjackiej-kacpra-zimnego-pod-tytulem-7-grzechow/" />
<meta property="og:site_name" content="WSTI" />
<meta property="article:modified_time" content="2025-03-10T12:30:35+00:00" />
<meta name="twitter:card" content="summary_large_image" />
<script type="application/ld+json" class="yoast-schema-graph">{"@context":"https://schema.org","@graph":[{"@type":"WebPage","@id":"https://www.wsti.pl/wystawa-pracy-licencjackiej-kacpra-zimnego-pod-tytulem-7-grzechow/","url":"https://www.wsti.pl/wystawa-pracy-licencjackiej-kacpra-zimnego-pod-tytulem-7-grzechow/","name":"Wystawa pracy licencjackiej Kacpra Zimnego pod tytułem „7 grzechów” - WSTI","isPartOf":{"@id":"https://www.wsti.pl/#website"},"datePublished":"2025-03-10T12:29:59+00:00","dateModified":"2025-03-10T12:30:35+00:00","breadcrumb":{"@id":"https://www.wsti.pl/wystawa-pracy-licencjackiej-kacpra-zimnego-pod-tytulem-7-grzechow/#breadcrumb"},"inLanguage":"uk","potentialAction":[{"@type":"ReadAction","target":["https://www.wsti.pl/wystawa-pracy-licencjackiej-kacpra-zimnego-pod-tytulem-7-grzechow/"]}]},{"@type":"BreadcrumbList","@id":"https://www.wsti.pl/wystawa-pracy-licencjackiej-kacpra-zimnego-pod-tytulem-7-grzechow/#breadcrumb","itemListElement":[{"@type":"ListItem","position":1,"name":"Strona główna","item":"https://www.wsti.pl/uk/"},{"@type":"ListItem","position":2,"name":"Wystawa pracy licencjackiej Kacpra Zimnego pod tytułem „7 grzechów”"}]},{"@type":"WebSite","@id":"https://www.wsti.pl/#website","url":"https://www.wsti.pl/","name":"WSTI","description":"Wyższa Szkoła Technologii Informatycznych w Katowicach","potentialAction":[{"@type":"SearchAction","target":{"@type":"EntryPoint","urlTemplate":"https://www.wsti.pl/?s={search_term_string}"},"query-input":{"@type":"PropertyValueSpecification","valueRequired":true,"valueName":"search_term_string"}}],"inLanguage":"uk"}]}</script>
<!-- / Yoast SEO plugin. -->

Wystawa pracy licencjackiej Kacpra Zimnego pod tytułem „7 grzechów” - WSTI

Strona główna

Wyższa Szkoła Technologii Informatycznych w Katowicach
