{"id":37919,"date":"2025-11-17T12:44:34","date_gmt":"2025-11-17T11:44:34","guid":{"rendered":"https:\/\/www.wsti.pl\/?post_type=wydarzenia_cpt&#038;p=37919"},"modified":"2025-11-19T12:47:11","modified_gmt":"2025-11-19T11:47:11","slug":"kreatywne-wsti-iv-gala-filmowa","status":"publish","type":"wydarzenia_cpt","link":"https:\/\/www.wsti.pl\/uk\/kreatywne-wsti-iv-gala-filmowa\/","title":{"rendered":"Kreatywne WSTI IV &#8211; Gala filmowa"},"content":{"rendered":"<section class=\"photo-block\">\n    <div class=\"container\">\n        <div class=\"row\">\n\n            \n                                                                                                <div class=\"col-12 col-md-6\">\n                                    <div class=\"photo-block__picture\">\n\n                                                                                    <img decoding=\"async\" src=\"https:\/\/www.wsti.pl\/wp-content\/uploads\/2025\/11\/Obszar-kompozycji-3-kopia.png\" alt=\"\" \/>\n                                                                                \n                                    <\/div>\n                                <\/div>\n                        \t                                    <\/section>\n\n\n<section class=\"textWithIcons textWithIcons--0 \">\n    <div class=\"tbc\">   \n        <div class=\"container\">\n            <div class=\"row\">\n                                    <div class=\"col-12\">\n                        <h5 class=\"title title--5 color--neutral-black tbc__subTitle\">Ju\u017c w najbli\u017cszy pi\u0105tek, 21 listopada br., poznamy zwyci\u0119zc\u00f3w IV edycji konkursu \u201eKreatywne WSTI\u201d zatytu\u0142owanej \u201eSen\u201d. Serdecznie zapraszamy na uroczyst\u0105 gal\u0119 filmow\u0105 po\u0142\u0105czon\u0105 z wystaw\u0105 fotografii \u2014 wydarzenie odb\u0119dzie si\u0119 w siedzibie uczelni o godz. 16:00.<\/h5><div class=\"text text--2 color--neutral-black tbc__desc\"><p>To wyj\u0105tkowe wydarzenie jest zwie\u0144czeniem wielu tygodni tw\u00f3rczej pracy, poszukiwa\u0144 artystycznych i indywidualnych interpretacji motywu snu, kt\u00f3ry sta\u0142 si\u0119 inspiracj\u0105 dla uczestnik\u00f3w konkursu. \u201eKreatywne WSTI\u201d od lat stanowi jedn\u0105 z najbardziej presti\u017cowych inicjatyw naszej uczelni \u2014 przestrze\u0144, w kt\u00f3rej sztuka filmowa i fotografia spotykaj\u0105 si\u0119 z wyobra\u017ani\u0105, wra\u017cliwo\u015bci\u0105 oraz techniczn\u0105 doskona\u0142o\u015bci\u0105. Tegoroczna edycja, po\u015bwi\u0119cona tematowi snu, okaza\u0142a si\u0119 szczeg\u00f3lnie poruszaj\u0105ca i pe\u0142na symbolicznych, cz\u0119sto bardzo osobistych opowie\u015bci.<\/p>\n<p>&nbsp;<\/p>\n<p>Podczas gali zaprezentujemy najlepsze filmy konkursowe oraz wernisa\u017c fotografii, kt\u00f3re w opinii jury najpe\u0142niej odda\u0142y klimat, emocje i tajemniczo\u015b\u0107 snu. B\u0119dzie to niepowtarzalna okazja, aby zobaczy\u0107 \u015bwiat wykreowany w obiektywach i kadrach naszych student\u00f3w \u2014 \u015bwiat, kt\u00f3ry zachwyca pomys\u0142owo\u015bci\u0105, dojrza\u0142o\u015bci\u0105 i odwag\u0105 artystyczn\u0105.<\/p>\n<p>&nbsp;<\/p>\n<p>Kulminacyjnym momentem wieczoru b\u0119dzie uroczyste og\u0142oszenie laureat\u00f3w oraz wr\u0119czenie nagr\u00f3d i wyr\u00f3\u017cnie\u0144. Pragniemy w ten spos\u00f3b uhonorowa\u0107 autor\u00f3w prac, kt\u00f3re wyr\u00f3\u017cniaj\u0105 si\u0119 kunsztem, oryginalno\u015bci\u0105 i g\u0142\u0119bi\u0105 przekazu. Gala b\u0119dzie r\u00f3wnie\u017c okazj\u0105 do spotkania z tw\u00f3rcami, rozmowy o procesach kreatywnych i inspiracjach, kt\u00f3re towarzyszy\u0142y powstawaniu zg\u0142oszonych projekt\u00f3w.<\/p>\n<p>&nbsp;<\/p>\n<p><strong>Tradycyjnie, b\u0119dziemy r\u00f3wnie\u017c przyznawa\u0107 nagrod\u0119 publiczno\u015bci.<\/strong><\/p>\n<p>&nbsp;<\/p>\n<p><strong>Wydarzenie ma charakter otwarty \u2014 zapraszamy student\u00f3w, absolwent\u00f3w, pracownik\u00f3w WSTI oraz wszystkich zainteresowanych \u015bwiatem filmu i fotografii.<\/strong> W atmosferze pe\u0142nej refleksji, sztuki i celebracji talentu wsp\u00f3lnie podsumujemy tegoroczn\u0105 edycj\u0119 konkursu, oddaj\u0105c ho\u0142d kreatywno\u015bci i pasji naszych uczestnik\u00f3w.<\/p>\n<p><strong>Do\u0142\u0105czcie do nas i prze\u017cyjcie razem z nami wyj\u0105tkowy wiecz\u00f3r, w kt\u00f3rym sztuka b\u0119dzie g\u0142\u00f3wnym bohaterem!<\/strong><\/p>\n<h2><\/h2>\n<p>&nbsp;<\/p>\n<p><strong>21.11.2025 r. godz. 16.00<\/strong><\/p>\n<p>&nbsp;<\/p>\n<p><strong>Plan gali:<\/strong><\/p>\n<p>&nbsp;<\/p>\n<p><strong>15:00 \u00a0\u2013 Pokaz animacji<\/strong><\/p>\n<p><strong>16:00 \u2013 Otwarcie GALI FILMOWEJ z pokazem film\u00f3w KREATYWNE WSTI<\/strong><\/p>\n<p><strong>17:00 \u2013 Uroczyste og\u0142oszenie wynik\u00f3w konkursu fotograficznego i filmowego oraz rozdanie nagr\u00f3d laureatom.<\/strong><\/p>\n<\/div>                    <\/div>\n                                                                                                                                                                                                \n            <\/div>\n        <\/div>\n    <\/div>\n\n<\/section>","protected":false},"author":16,"parent":0,"menu_order":0,"template":"","meta":{"_acf_changed":true},"wydarzenia_cpt_tags":[],"class_list":["post-37919","wydarzenia_cpt","type-wydarzenia_cpt","status-publish","hentry"],"acf":{"alert_on":false,"alert_filter_tag_select":false,"alert_filter_by_tag":[],"modalComunicatHeader_blog":"","modalComunicatHeader_link":null,"date_event_post":"20251121","awarded_post":false},"yoast_head":"<!-- This site is optimized with the Yoast SEO plugin v27.2 - https:\/\/yoast.com\/product\/yoast-seo-wordpress\/ -->\n<title>Kreatywne WSTI IV - Gala filmowa - WSTI<\/title>\n<meta name=\"robots\" content=\"index, follow, max-snippet:-1, max-image-preview:large, max-video-preview:-1\" \/>\n<link rel=\"canonical\" href=\"https:\/\/www.wsti.pl\/kreatywne-wsti-iv-gala-filmowa\/\" \/>\n<meta property=\"og:locale\" content=\"uk_UA\" \/>\n<meta property=\"og:type\" content=\"article\" \/>\n<meta property=\"og:title\" content=\"Kreatywne WSTI IV - Gala filmowa - WSTI\" \/>\n<meta property=\"og:url\" content=\"https:\/\/www.wsti.pl\/kreatywne-wsti-iv-gala-filmowa\/\" \/>\n<meta property=\"og:site_name\" content=\"WSTI\" \/>\n<meta property=\"article:modified_time\" content=\"2025-11-19T11:47:11+00:00\" \/>\n<meta name=\"twitter:card\" content=\"summary_large_image\" \/>\n<script type=\"application\/ld+json\" class=\"yoast-schema-graph\">{\"@context\":\"https:\/\/schema.org\",\"@graph\":[{\"@type\":\"WebPage\",\"@id\":\"https:\/\/www.wsti.pl\/kreatywne-wsti-iv-gala-filmowa\/\",\"url\":\"https:\/\/www.wsti.pl\/kreatywne-wsti-iv-gala-filmowa\/\",\"name\":\"Kreatywne WSTI IV - Gala filmowa - WSTI\",\"isPartOf\":{\"@id\":\"https:\/\/www.wsti.pl\/#website\"},\"datePublished\":\"2025-11-17T11:44:34+00:00\",\"dateModified\":\"2025-11-19T11:47:11+00:00\",\"breadcrumb\":{\"@id\":\"https:\/\/www.wsti.pl\/kreatywne-wsti-iv-gala-filmowa\/#breadcrumb\"},\"inLanguage\":\"uk\",\"potentialAction\":[{\"@type\":\"ReadAction\",\"target\":[\"https:\/\/www.wsti.pl\/kreatywne-wsti-iv-gala-filmowa\/\"]}]},{\"@type\":\"BreadcrumbList\",\"@id\":\"https:\/\/www.wsti.pl\/kreatywne-wsti-iv-gala-filmowa\/#breadcrumb\",\"itemListElement\":[{\"@type\":\"ListItem\",\"position\":1,\"name\":\"Strona g\u0142\u00f3wna\",\"item\":\"https:\/\/www.wsti.pl\/uk\/\"},{\"@type\":\"ListItem\",\"position\":2,\"name\":\"Kreatywne WSTI IV &#8211; Gala filmowa\"}]},{\"@type\":\"WebSite\",\"@id\":\"https:\/\/www.wsti.pl\/#website\",\"url\":\"https:\/\/www.wsti.pl\/\",\"name\":\"WSTI\",\"description\":\"Wy\u017csza Szko\u0142a Technologii Informatycznych w Katowicach\",\"potentialAction\":[{\"@type\":\"SearchAction\",\"target\":{\"@type\":\"EntryPoint\",\"urlTemplate\":\"https:\/\/www.wsti.pl\/?s={search_term_string}\"},\"query-input\":{\"@type\":\"PropertyValueSpecification\",\"valueRequired\":true,\"valueName\":\"search_term_string\"}}],\"inLanguage\":\"uk\"}]}<\/script>\n<!-- \/ Yoast SEO plugin. -->","yoast_head_json":{"title":"Kreatywne WSTI IV - Gala filmowa - WSTI","robots":{"index":"index","follow":"follow","max-snippet":"max-snippet:-1","max-image-preview":"max-image-preview:large","max-video-preview":"max-video-preview:-1"},"canonical":"https:\/\/www.wsti.pl\/kreatywne-wsti-iv-gala-filmowa\/","og_locale":"uk_UA","og_type":"article","og_title":"Kreatywne WSTI IV - Gala filmowa - WSTI","og_url":"https:\/\/www.wsti.pl\/kreatywne-wsti-iv-gala-filmowa\/","og_site_name":"WSTI","article_modified_time":"2025-11-19T11:47:11+00:00","twitter_card":"summary_large_image","schema":{"@context":"https:\/\/schema.org","@graph":[{"@type":"WebPage","@id":"https:\/\/www.wsti.pl\/kreatywne-wsti-iv-gala-filmowa\/","url":"https:\/\/www.wsti.pl\/kreatywne-wsti-iv-gala-filmowa\/","name":"Kreatywne WSTI IV - Gala filmowa - WSTI","isPartOf":{"@id":"https:\/\/www.wsti.pl\/#website"},"datePublished":"2025-11-17T11:44:34+00:00","dateModified":"2025-11-19T11:47:11+00:00","breadcrumb":{"@id":"https:\/\/www.wsti.pl\/kreatywne-wsti-iv-gala-filmowa\/#breadcrumb"},"inLanguage":"uk","potentialAction":[{"@type":"ReadAction","target":["https:\/\/www.wsti.pl\/kreatywne-wsti-iv-gala-filmowa\/"]}]},{"@type":"BreadcrumbList","@id":"https:\/\/www.wsti.pl\/kreatywne-wsti-iv-gala-filmowa\/#breadcrumb","itemListElement":[{"@type":"ListItem","position":1,"name":"Strona g\u0142\u00f3wna","item":"https:\/\/www.wsti.pl\/uk\/"},{"@type":"ListItem","position":2,"name":"Kreatywne WSTI IV &#8211; Gala filmowa"}]},{"@type":"WebSite","@id":"https:\/\/www.wsti.pl\/#website","url":"https:\/\/www.wsti.pl\/","name":"WSTI","description":"Wy\u017csza Szko\u0142a Technologii Informatycznych w Katowicach","potentialAction":[{"@type":"SearchAction","target":{"@type":"EntryPoint","urlTemplate":"https:\/\/www.wsti.pl\/?s={search_term_string}"},"query-input":{"@type":"PropertyValueSpecification","valueRequired":true,"valueName":"search_term_string"}}],"inLanguage":"uk"}]}},"_links":{"self":[{"href":"https:\/\/www.wsti.pl\/uk\/wp-json\/wp\/v2\/wydarzenia_cpt\/37919","targetHints":{"allow":["GET"]}}],"collection":[{"href":"https:\/\/www.wsti.pl\/uk\/wp-json\/wp\/v2\/wydarzenia_cpt"}],"about":[{"href":"https:\/\/www.wsti.pl\/uk\/wp-json\/wp\/v2\/types\/wydarzenia_cpt"}],"author":[{"embeddable":true,"href":"https:\/\/www.wsti.pl\/uk\/wp-json\/wp\/v2\/users\/16"}],"wp:attachment":[{"href":"https:\/\/www.wsti.pl\/uk\/wp-json\/wp\/v2\/media?parent=37919"}],"wp:term":[{"taxonomy":"wydarzenia_cpt_tags","embeddable":true,"href":"https:\/\/www.wsti.pl\/uk\/wp-json\/wp\/v2\/wydarzenia_cpt_tags?post=37919"}],"curies":[{"name":"wp","href":"https:\/\/api.w.org\/{rel}","templated":true}]}}

<section class="photo-block">
    <div class="container">
        <div class="row">

            
                                                                                                <div class="col-12 col-md-6">
                                    <div class="photo-block__picture">

                                                                                    <img decoding="async" src="https://www.wsti.pl/wp-content/uploads/2025/11/Obszar-kompozycji-3-kopia.png" alt="" />
                                                                                
                                    </div>
                                </div>
                        	                                    </section>


<section class="textWithIcons textWithIcons--0 ">
    <div class="tbc">   
        <div class="container">
            <div class="row">
                                    <div class="col-12">
                        <h5 class="title title--5 color--neutral-black tbc__subTitle">Już w najbliższy piątek, 21 listopada br., poznamy zwycięzców IV edycji konkursu „Kreatywne WSTI” zatytułowanej „Sen”. Serdecznie zapraszamy na uroczystą galę filmową połączoną z wystawą fotografii — wydarzenie odbędzie się w siedzibie uczelni o godz. 16:00.</h5><div class="text text--2 color--neutral-black tbc__desc"><p>To wyjątkowe wydarzenie jest zwieńczeniem wielu tygodni twórczej pracy, poszukiwań artystycznych i indywidualnych interpretacji motywu snu, który stał się inspiracją dla uczestników konkursu. „Kreatywne WSTI” od lat stanowi jedną z najbardziej prestiżowych inicjatyw naszej uczelni — przestrzeń, w której sztuka filmowa i fotografia spotykają się z wyobraźnią, wrażliwością oraz techniczną doskonałością. Tegoroczna edycja, poświęcona tematowi snu, okazała się szczególnie poruszająca i pełna symbolicznych, często bardzo osobistych opowieści.</p>
<p>&nbsp;</p>
<p>Podczas gali zaprezentujemy najlepsze filmy konkursowe oraz wernisaż fotografii, które w opinii jury najpełniej oddały klimat, emocje i tajemniczość snu. Będzie to niepowtarzalna okazja, aby zobaczyć świat wykreowany w obiektywach i kadrach naszych studentów — świat, który zachwyca pomysłowością, dojrzałością i odwagą artystyczną.</p>
<p>&nbsp;</p>
<p>Kulminacyjnym momentem wieczoru będzie uroczyste ogłoszenie laureatów oraz wręczenie nagród i wyróżnień. Pragniemy w ten sposób uhonorować autorów prac, które wyróżniają się kunsztem, oryginalnością i głębią przekazu. Gala będzie również okazją do spotkania z twórcami, rozmowy o procesach kreatywnych i inspiracjach, które towarzyszyły powstawaniu zgłoszonych projektów.</p>
<p>&nbsp;</p>
<p><strong>Tradycyjnie, będziemy również przyznawać nagrodę publiczności.</strong></p>
<p>&nbsp;</p>
<p><strong>Wydarzenie ma charakter otwarty — zapraszamy studentów, absolwentów, pracowników WSTI oraz wszystkich zainteresowanych światem filmu i fotografii.</strong> W atmosferze pełnej refleksji, sztuki i celebracji talentu wspólnie podsumujemy tegoroczną edycję konkursu, oddając hołd kreatywności i pasji naszych uczestników.</p>
<p><strong>Dołączcie do nas i przeżyjcie razem z nami wyjątkowy wieczór, w którym sztuka będzie głównym bohaterem!</strong></p>
<h2></h2>
<p>&nbsp;</p>
<p><strong>21.11.2025 r. godz. 16.00</strong></p>
<p>&nbsp;</p>
<p><strong>Plan gali:</strong></p>
<p>&nbsp;</p>
<p><strong>15:00  – Pokaz animacji</strong></p>
<p><strong>16:00 – Otwarcie GALI FILMOWEJ z pokazem filmów KREATYWNE WSTI</strong></p>
<p><strong>17:00 – Uroczyste ogłoszenie wyników konkursu fotograficznego i filmowego oraz rozdanie nagród laureatom.</strong></p>
</div>                    </div>
                                                                                                                                                                                                
            </div>
        </div>
    </div>

</section>

<!-- This site is optimized with the Yoast SEO plugin v27.2 - https://yoast.com/product/yoast-seo-wordpress/ -->
<title>Kreatywne WSTI IV - Gala filmowa - WSTI</title>
<meta name="robots" content="index, follow, max-snippet:-1, max-image-preview:large, max-video-preview:-1" />
<link rel="canonical" href="https://www.wsti.pl/kreatywne-wsti-iv-gala-filmowa/" />
<meta property="og:locale" content="uk_UA" />
<meta property="og:type" content="article" />
<meta property="og:title" content="Kreatywne WSTI IV - Gala filmowa - WSTI" />
<meta property="og:url" content="https://www.wsti.pl/kreatywne-wsti-iv-gala-filmowa/" />
<meta property="og:site_name" content="WSTI" />
<meta property="article:modified_time" content="2025-11-19T11:47:11+00:00" />
<meta name="twitter:card" content="summary_large_image" />
<script type="application/ld+json" class="yoast-schema-graph">{"@context":"https://schema.org","@graph":[{"@type":"WebPage","@id":"https://www.wsti.pl/kreatywne-wsti-iv-gala-filmowa/","url":"https://www.wsti.pl/kreatywne-wsti-iv-gala-filmowa/","name":"Kreatywne WSTI IV - Gala filmowa - WSTI","isPartOf":{"@id":"https://www.wsti.pl/#website"},"datePublished":"2025-11-17T11:44:34+00:00","dateModified":"2025-11-19T11:47:11+00:00","breadcrumb":{"@id":"https://www.wsti.pl/kreatywne-wsti-iv-gala-filmowa/#breadcrumb"},"inLanguage":"uk","potentialAction":[{"@type":"ReadAction","target":["https://www.wsti.pl/kreatywne-wsti-iv-gala-filmowa/"]}]},{"@type":"BreadcrumbList","@id":"https://www.wsti.pl/kreatywne-wsti-iv-gala-filmowa/#breadcrumb","itemListElement":[{"@type":"ListItem","position":1,"name":"Strona główna","item":"https://www.wsti.pl/uk/"},{"@type":"ListItem","position":2,"name":"Kreatywne WSTI IV &#8211; Gala filmowa"}]},{"@type":"WebSite","@id":"https://www.wsti.pl/#website","url":"https://www.wsti.pl/","name":"WSTI","description":"Wyższa Szkoła Technologii Informatycznych w Katowicach","potentialAction":[{"@type":"SearchAction","target":{"@type":"EntryPoint","urlTemplate":"https://www.wsti.pl/?s={search_term_string}"},"query-input":{"@type":"PropertyValueSpecification","valueRequired":true,"valueName":"search_term_string"}}],"inLanguage":"uk"}]}</script>
<!-- / Yoast SEO plugin. -->

Strona główna

Wyższa Szkoła Technologii Informatycznych w Katowicach
